INSERT INTO `router` (`name`, `path`, `pattern_outline`, `fit`, `route`, `number_parts`) VALUES
('w3_media_remove.content', '/media_remove', '/media_remove', 1, 0x4f3a33313a2253796d666f6e795c436f6d706f6e656e745c526f7574696e675c526f757465223a393a7b733a343a2270617468223b733a31333a222f6d656469615f72656d6f7665223b733a343a22686f7374223b733a303a22223b733a383a2264656661756c7473223b613a323a7b733a31313a225f636f6e74726f6c6c6572223b733a36353a225c44727570616c5c77335f6d656469615f72656d6f76655c436f6e74726f6c6c65725c4d6564696152656d6f7665436f6e74726f6c6c65723a3a636f6e74656e74223b733a363a225f7469746c65223b733a31323a224d656469612052656d6f7665223b7d733a31323a22726571756972656d656e7473223b613a313a7b733a373a225f616363657373223b733a343a2254525545223b7d733a373a226f7074696f6e73223b613a333a7b733a31343a22636f6d70696c65725f636c617373223b733a33333a2244727570616c5c436f72655c526f7574696e675c526f757465436f6d70696c6572223b733a343a2275746638223b623a313b733a31343a225f6163636573735f636865636b73223b613a313a7b693a303b733a32303a226163636573735f636865636b2e64656661756c74223b7d7d733a373a22736368656d6573223b613a303a7b7d733a373a226d6574686f6473223b613a323a7b693a303b733a333a22474554223b693a313b733a343a22504f5354223b7d733a393a22636f6e646974696f6e223b733a303a22223b733a383a22636f6d70696c6564223b4f3a33333a2244727570616c5c436f72655c526f7574696e675c436f6d70696c6564526f757465223a31313a7b733a343a2276617273223b613a303a7b7d733a31313a22706174685f707265666978223b733a303a22223b733a31303a22706174685f7265676578223b733a32303a227b5e2f6d656469615f72656d6f7665247d734475223b733a31313a22706174685f746f6b656e73223b613a313a7b693a303b613a323a7b693a303b733a343a2274657874223b693a313b733a31333a222f6d656469615f72656d6f7665223b7d7d733a393a22706174685f76617273223b613a303a7b7d733a31303a22686f73745f7265676578223b4e3b733a31313a22686f73745f746f6b656e73223b613a303a7b7d733a393a22686f73745f76617273223b613a303a7b7d733a333a22666974223b693a313b733a31343a227061747465726e4f75746c696e65223b733a31333a222f6d656469615f72656d6f7665223b733a383a226e756d5061727473223b693a313b7d7d, 1),
('webform.addons', '/admin/structure/webform/addons', '/admin/structure/webform/addons', 15, 0x4f3a33313a2253796d666f6e795c436f6d706f6e656e745c526f7574696e675c526f757465223a393a7b733a343a2270617468223b733a33313a222f61646d696e2f7374727563747572652f776562666f726d2f6164646f6e73223b733a343a22686f7374223b733a303a22223b733a383a2264656661756c7473223b613a323a7b733a31313a225f636f6e74726f6c6c6572223b733a35373a225c44727570616c5c776562666f726d5c436f6e74726f6c6c65725c576562666f726d4164646f6e73436f6e74726f6c6c65723a3a696e646578223b733a363a225f7469746c65223b733a31373a22576562666f726d733a204164642d6f6e73223b7d733a31323a22726571756972656d656e7473223b613a313a7b733a31313a225f7065726d697373696f6e223b733a31383a2261646d696e697374657220776562666f726d223b7d733a373a226f7074696f6e73223b613a343a7b733a31343a22636f6d70696c65725f636c617373223b733a33333a2244727570616c5c436f72655c526f7574696e675c526f757465436f6d70696c6572223b733a343a2275746638223b623a313b733a31323a225f61646d696e5f726f757465223b623a313b733a31343a225f6163636573735f636865636b73223b613a313a7b693a303b733a32333a226163636573735f636865636b2e7065726d697373696f6e223b7d7d733a373a22736368656d6573223b613a303a7b7d733a373a226d6574686f6473223b613a323a7b693a303b733a333a22474554223b693a313b733a343a22504f5354223b7d733a393a22636f6e646974696f6e223b733a303a22223b733a383a22636f6d70696c6564223b4f3a33333a2244727570616c5c436f72655c526f7574696e675c436f6d70696c6564526f757465223a31313a7b733a343a2276617273223b613a303a7b7d733a31313a22706174685f707265666978223b733a303a22223b733a31303a22706174685f7265676578223b733a33383a227b5e2f61646d696e2f7374727563747572652f776562666f726d2f6164646f6e73247d734475223b733a31313a22706174685f746f6b656e73223b613a313a7b693a303b613a323a7b693a303b733a343a2274657874223b693a313b733a33313a222f61646d696e2f7374727563747572652f776562666f726d2f6164646f6e73223b7d7d733a393a22706174685f76617273223b613a303a7b7d733a31303a22686f73745f7265676578223b4e3b733a31313a22686f73745f746f6b656e73223b613a303a7b7d733a393a22686f73745f76617273223b613a303a7b7d733a333a22666974223b693a31353b733a31343a227061747465726e4f75746c696e65223b733a33313a222f61646d696e2f7374727563747572652f776562666f726d2f6164646f6e73223b733a383a226e756d5061727473223b693a343b7d7d, 4),
('webform.config', '/admin/structure/webform/config', '/admin/structure/webform/config', 15, 0x4f3a33313a2253796d666f6e795c436f6d706f6e656e745c526f7574696e675c526f757465223a393a7b733a343a2270617468223b733a33313a222f61646d696e2f7374727563747572652f776562666f726d2f636f6e666967223b733a343a22686f7374223b733a303a22223b733a383a2264656661756c7473223b613a323a7b733a353a225f666f726d223b733a36303a225c44727570616c5c776562666f726d5c466f726d5c41646d696e436f6e6669675c576562666f726d41646d696e436f6e666967466f726d73466f726d223b733a363a225f7469746c65223b733a32393a22576562666f726d733a20466f726d7320636f6e66696775726174696f6e223b7d733a31323a22726571756972656d656e7473223b613a313a7b733a31313a225f7065726d697373696f6e223b733a31383a2261646d696e697374657220776562666f726d223b7d733a373a226f7074696f6e73223b613a343a7b733a31343a22636f6d70696c65725f636c617373223b733a33333a2244727570616c5c436f72655c526f7574696e675c526f757465436f6d70696c6572223b733a343a2275746638223b623a313b733a31323a225f61646d696e5f726f757465223b623a313b733a31343a225f6163636573735f636865636b73223b613a313a7b693a303b733a32333a226163636573735f636865636b2e7065726d697373696f6e223b7d7d733a373a22736368656d6573223b613a303a7b7d733a373a226d6574686f6473223b613a323a7b693a303b733a333a22474554223b693a313b733a343a22504f5354223b7d733a393a22636f6e646974696f6e223b733a303a22223b733a383a22636f6d70696c6564223b4f3a33333a2244727570616c5c436f72655c526f7574696e675c436f6d70696c6564526f757465223a31313a7b733a343a2276617273223b613a303a7b7d733a31313a22706174685f707265666978223b733a303a22223b733a31303a22706174685f7265676578223b733a33383a227b5e2f61646d696e2f7374727563747572652f776562666f726d2f636f6e666967247d734475223b733a31313a22706174685f746f6b656e73223b613a313a7b693a303b613a323a7b693a303b733a343a2274657874223b693a313b733a33313a222f61646d696e2f7374727563747572652f776562666f726d2f636f6e666967223b7d7d733a393a22706174685f76617273223b613a303a7b7d733a31303a22686f73745f7265676578223b4e3b733a31313a22686f73745f746f6b656e73223b613a303a7b7d733a393a22686f73745f76617273223b613a303a7b7d733a333a22666974223b693a31353b733a31343a227061747465726e4f75746c696e65223b733a33313a222f61646d696e2f7374727563747572652f776562666f726d2f636f6e666967223b733a383a226e756d5061727473223b693a343b7d7d, 4),
('webform.config.advanced', '/admin/structure/webform/config/advanced', '/admin/structure/webform/config/advanced', 31, 0x4f3a33313a2253796d666f6e795c436f6d706f6e656e745c526f7574696e675c526f757465223a393a7b733a343a2270617468223b733a34303a222f61646d696e2f7374727563747572652f776562666f726d2f636f6e6669672f616476616e636564223b733a343a22686f7374223b733a303a22223b733a383a2264656661756c7473223b613a323a7b733a353a225f666f726d223b733a36333a225c44727570616c5c776562666f726d5c466f726d5c41646d696e436f6e6669675c576562666f726d41646d696e436f6e666967416476616e636564466f726d223b733a363a225f7469746c65223b733a33323a22576562666f726d733a20416476616e63656420636f6e66696775726174696f6e223b7d733a31323a22726571756972656d656e7473223b613a313a7b733a31313a225f7065726d697373696f6e223b733a31383a2261646d696e697374657220776562666f726d223b7d733a373a226f7074696f6e73223b613a343a7b733a31343a22636f6d70696c65725f636c617373223b733a33333a2244727570616c5c436f72655c526f7574696e675c526f757465436f6d70696c6572223b733a343a2275746638223b623a313b733a31323a225f61646d696e5f726f757465223b623a313b733a31343a225f6163636573735f636865636b73223b613a313a7b693a303b733a32333a226163636573735f636865636b2e7065726d697373696f6e223b7d7d733a373a22736368656d6573223b613a303a7b7d733a373a226d6574686f6473223b613a323a7b693a303b733a333a22474554223b693a313b733a343a22504f5354223b7d733a393a22636f6e646974696f6e223b733a303a22223b733a383a22636f6d70696c6564223b4f3a33333a2244727570616c5c436f72655c526f7574696e675c436f6d70696c6564526f757465223a31313a7b733a343a2276617273223b613a303a7b7d733a31313a22706174685f707265666978223b733a303a22223b733a31303a22706174685f7265676578223b733a34373a227b5e2f61646d696e2f7374727563747572652f776562666f726d2f636f6e6669672f616476616e636564247d734475223b733a31313a22706174685f746f6b656e73223b613a313a7b693a303b613a323a7b693a303b733a343a2274657874223b693a313b733a34303a222f61646d696e2f7374727563747572652f776562666f726d2f636f6e6669672f616476616e636564223b7d7d733a393a22706174685f76617273223b613a303a7b7d733a31303a22686f73745f7265676578223b4e3b733a31313a22686f73745f746f6b656e73223b613a303a7b7d733a393a22686f73745f76617273223b613a303a7b7d733a333a22666974223b693a33313b733a31343a227061747465726e4f75746c696e65223b733a34303a222f61646d696e2f7374727563747572652f776562666f726d2f636f6e6669672f616476616e636564223b733a383a226e756d5061727473223b693a353b7d7d, 5),
('webform.config.elements', '/admin/structure/webform/config/elements', '/admin/structure/webform/config/elements', 31, 0x4f3a33313a2253796d666f6e795c436f6d706f6e656e745c526f7574696e675c526f757465223a393a7b733a343a2270617468223b733a34303a222f61646d696e2f7374727563747572652f776562666f726d2f636f6e6669672f656c656d656e7473223b733a343a22686f7374223b733a303a22223b733a383a2264656661756c7473223b613a323a7b733a353a225f666f726d223b733a36333a225c44727570616c5c776562666f726d5c466f726d5c41646d696e436f6e6669675c576562666f726d41646d696e436f6e666967456c656d656e7473466f726d223b733a363a225f7469746c65223b733a33323a22576562666f726d733a20456c656d656e747320636f6e66696775726174696f6e223b7d733a31323a22726571756972656d656e7473223b613a313a7b733a31313a225f7065726d697373696f6e223b733a31383a2261646d696e697374657220776562666f726d223b7d733a373a226f7074696f6e73223b613a343a7b733a31343a22636f6d70696c65725f636c617373223b733a33333a2244727570616c5c436f72655c526f7574696e675c526f757465436f6d70696c6572223b733a343a2275746638223b623a313b733a31323a225f61646d696e5f726f757465223b623a313b733a31343a225f6163636573735f636865636b73223b613a313a7b693a303b733a32333a226163636573735f636865636b2e7065726d697373696f6e223b7d7d733a373a22736368656d6573223b613a303a7b7d733a373a226d6574686f6473223b613a323a7b693a303b733a333a22474554223b693a313b733a343a22504f5354223b7d733a393a22636f6e646974696f6e223b733a303a22223b733a383a22636f6d70696c6564223b4f3a33333a2244727570616c5c436f72655c526f7574696e675c436f6d70696c6564526f757465223a31313a7b733a343a2276617273223b613a303a7b7d733a31313a22706174685f707265666978223b733a303a22223b733a31303a22706174685f7265676578223b733a34373a227b5e2f61646d696e2f7374727563747572652f776562666f726d2f636f6e6669672f656c656d656e7473247d734475223b733a31313a22706174685f746f6b656e73223b613a313a7b693a303b613a323a7b693a303b733a343a2274657874223b693a313b733a34303a222f61646d696e2f7374727563747572652f776562666f726d2f636f6e6669672f656c656d656e7473223b7d7d733a393a22706174685f76617273223b613a303a7b7d733a31303a22686f73745f7265676578223b4e3b733a31313a22686f73745f746f6b656e73223b613a303a7b7d733a393a22686f73745f76617273223b613a303a7b7d733a333a22666974223b693a33313b733a31343a227061747465726e4f75746c696e65223b733a34303a222f61646d696e2f7374727563747572652f776562666f726d2f636f6e6669672f656c656d656e7473223b733a383a226e756d5061727473223b693a353b7d7d, 5),
('webform.config.exporters', '/admin/structure/webform/config/exporters', '/admin/structure/webform/config/exporters', 31, 0x4f3a33313a2253796d666f6e795c436f6d706f6e656e745c526f7574696e675c526f757465223a393a7b733a343a2270617468223b733a34313a222f61646d696e2f7374727563747572652f776562666f726d2f636f6e6669672f6578706f7274657273223b733a343a22686f7374223b733a303a22223b733a383a2264656661756c7473223b613a323a7b733a353a225f666f726d223b733a36343a225c44727570616c5c776562666f726d5c466f726d5c41646d696e436f6e6669675c576562666f726d41646d696e436f6e6669674578706f7274657273466f726d223b733a363a225f7469746c65223b733a33333a22576562666f726d733a204578706f727465727320636f6e66696775726174696f6e223b7d733a31323a22726571756972656d656e7473223b613a313a7b733a31313a225f7065726d697373696f6e223b733a31383a2261646d696e697374657220776562666f726d223b7d733a373a226f7074696f6e73223b613a343a7b733a31343a22636f6d70696c65725f636c617373223b733a33333a2244727570616c5c436f72655c526f7574696e675c526f757465436f6d70696c6572223b733a343a2275746638223b623a313b733a31323a225f61646d696e5f726f757465223b623a313b733a31343a225f6163636573735f636865636b73223b613a313a7b693a303b733a32333a226163636573735f636865636b2e7065726d697373696f6e223b7d7d733a373a22736368656d6573223b613a303a7b7d733a373a226d6574686f6473223b613a323a7b693a303b733a333a22474554223b693a313b733a343a22504f5354223b7d733a393a22636f6e646974696f6e223b733a303a22223b733a383a22636f6d70696c6564223b4f3a33333a2244727570616c5c436f72655c526f7574696e675c436f6d70696c6564526f757465223a31313a7b733a343a2276617273223b613a303a7b7d733a31313a22706174685f707265666978223b733a303a22223b733a31303a22706174685f7265676578223b733a34383a227b5e2f61646d696e2f7374727563747572652f776562666f726d2f636f6e6669672f6578706f7274657273247d734475223b733a31313a22706174685f746f6b656e73223b613a313a7b693a303b613a323a7b693a303b733a343a2274657874223b693a313b733a34313a222f61646d696e2f7374727563747572652f776562666f726d2f636f6e6669672f6578706f7274657273223b7d7d733a393a22706174685f76617273223b613a303a7b7d733a31303a22686f73745f7265676578223b4e3b733a31313a22686f73745f746f6b656e73223b613a303a7b7d733a393a22686f73745f76617273223b613a303a7b7d733a333a22666974223b693a33313b733a31343a227061747465726e4f75746c696e65223b733a34313a222f61646d696e2f7374727563747572652f776562666f726d2f636f6e6669672f6578706f7274657273223b733a383a226e756d5061727473223b693a353b7d7d, 5),
('webform.config.handlers', '/admin/structure/webform/config/handlers', '/admin/structure/webform/config/handlers', 31, 0x4f3a33313a2253796d666f6e795c436f6d706f6e656e745c526f7574696e675c526f757465223a393a7b733a343a2270617468223b733a34303a222f61646d696e2f7374727563747572652f776562666f726d2f636f6e6669672f68616e646c657273223b733a343a22686f7374223b733a303a22223b733a383a2264656661756c7473223b613a323a7b733a353a225f666f726d223b733a36333a225c44727570616c5c776562666f726d5c466f726d5c41646d696e436f6e6669675c576562666f726d41646d696e436f6e66696748616e646c657273466f726d223b733a363a225f7469746c65223b733a33323a22576562666f726d733a2048616e646c65727320636f6e66696775726174696f6e223b7d733a31323a22726571756972656d656e7473223b613a313a7b733a31313a225f7065726d697373696f6e223b733a31383a2261646d696e697374657220776562666f726d223b7d733a373a226f7074696f6e73223b613a343a7b733a31343a22636f6d70696c65725f636c617373223b733a33333a2244727570616c5c436f72655c526f7574696e675c526f757465436f6d70696c6572223b733a343a2275746638223b623a313b733a31323a225f61646d696e5f726f757465223b623a313b733a31343a225f6163636573735f636865636b73223b613a313a7b693a303b733a32333a226163636573735f636865636b2e7065726d697373696f6e223b7d7d733a373a22736368656d6573223b613a303a7b7d733a373a226d6574686f6473223b613a323a7b693a303b733a333a22474554223b693a313b733a343a22504f5354223b7d733a393a22636f6e646974696f6e223b733a303a22223b733a383a22636f6d70696c6564223b4f3a33333a2244727570616c5c436f72655c526f7574696e675c436f6d70696c6564526f757465223a31313a7b733a343a2276617273223b613a303a7b7d733a31313a22706174685f707265666978223b733a303a22223b733a31303a22706174685f7265676578223b733a34373a227b5e2f61646d696e2f7374727563747572652f776562666f726d2f636f6e6669672f68616e646c657273247d734475223b733a31313a22706174685f746f6b656e73223b613a313a7b693a303b613a323a7b693a303b733a343a2274657874223b693a313b733a34303a222f61646d696e2f7374727563747572652f776562666f726d2f636f6e6669672f68616e646c657273223b7d7d733a393a22706174685f76617273223b613a303a7b7d733a31303a22686f73745f7265676578223b4e3b733a31313a22686f73745f746f6b656e73223b613a303a7b7d733a393a22686f73745f76617273223b613a303a7b7d733a333a22666974223b693a33313b733a31343a227061747465726e4f75746c696e65223b733a34303a222f61646d696e2f7374727563747572652f776562666f726d2f636f6e6669672f68616e646c657273223b733a383a226e756d5061727473223b693a353b7d7d, 5),
('webform.config.libraries', '/admin/structure/webform/config/libraries', '/admin/structure/webform/config/libraries', 31, 0x4f3a33313a2253796d666f6e795c436f6d706f6e656e745c526f7574696e675c526f757465223a393a7b733a343a2270617468223b733a34313a222f61646d696e2f7374727563747572652f776562666f726d2f636f6e6669672f6c6962726172696573223b733a343a22686f7374223b733a303a22223b733a383a2264656661756c7473223b613a323a7b733a353a225f666f726d223b733a36343a225c44727570616c5c776562666f726d5c466f726d5c41646d696e436f6e6669675c576562666f726d41646d696e436f6e6669674c6962726172696573466f726d223b733a363a225f7469746c65223b733a33333a22576562666f726d733a204c696272617269657320636f6e66696775726174696f6e223b7d733a31323a22726571756972656d656e7473223b613a313a7b733a31313a225f7065726d697373696f6e223b733a31383a2261646d696e697374657220776562666f726d223b7d733a373a226f7074696f6e73223b613a343a7b733a31343a22636f6d70696c65725f636c617373223b733a33333a2244727570616c5c436f72655c526f7574696e675c526f757465436f6d70696c6572223b733a343a2275746638223b623a313b733a31323a225f61646d696e5f726f757465223b623a313b733a31343a225f6163636573735f636865636b73223b613a313a7b693a303b733a32333a226163636573735f636865636b2e7065726d697373696f6e223b7d7d733a373a22736368656d6573223b613a303a7b7d733a373a226d6574686f6473223b613a323a7b693a303b733a333a22474554223b693a313b733a343a22504f5354223b7d733a393a22636f6e646974696f6e223b733a303a22223b733a383a22636f6d70696c6564223b4f3a33333a2244727570616c5c436f72655c526f7574696e675c436f6d70696c6564526f757465223a31313a7b733a343a2276617273223b613a303a7b7d733a31313a22706174685f707265666978223b733a303a22223b733a31303a22706174685f7265676578223b733a34383a227b5e2f61646d696e2f7374727563747572652f776562666f726d2f636f6e6669672f6c6962726172696573247d734475223b733a31313a22706174685f746f6b656e73223b613a313a7b693a303b613a323a7b693a303b733a343a2274657874223b693a313b733a34313a222f61646d696e2f7374727563747572652f776562666f726d2f636f6e6669672f6c6962726172696573223b7d7d733a393a22706174685f76617273223b613a303a7b7d733a31303a22686f73745f7265676578223b4e3b733a31313a22686f73745f746f6b656e73223b613a303a7b7d733a393a22686f73745f76617273223b613a303a7b7d733a333a22666974223b693a33313b733a31343a227061747465726e4f75746c696e65223b733a34313a222f61646d696e2f7374727563747572652f776562666f726d2f636f6e6669672f6c6962726172696573223b733a383a226e756d5061727473223b693a353b7d7d, 5),
('webform.config.repair', '/admin/structure/webform/config/repair', '/admin/structure/webform/config/repair', 31, 0x4f3a33313a2253796d666f6e795c436f6d706f6e656e745c526f7574696e675c526f757465223a393a7b733a343a2270617468223b733a33383a222f61646d696e2f7374727563747572652f776562666f726d2f636f6e6669672f726570616972223b733a343a22686f7374223b733a303a22223b733a383a2264656661756c7473223b613a323a7b733a353a225f666f726d223b733a36313a225c44727570616c5c776562666f726d5c466f726d5c41646d696e436f6e6669675c576562666f726d41646d696e436f6e666967526570616972466f726d223b733a363a225f7469746c65223b733a33383a22576562666f726d733a2052657061697220776562666f726d20636f6e66696775726174696f6e223b7d733a31323a22726571756972656d656e7473223b613a313a7b733a31313a225f7065726d697373696f6e223b733a31383a2261646d696e697374657220776562666f726d223b7d733a373a226f7074696f6e73223b613a343a7b733a31343a22636f6d70696c65725f636c617373223b733a33333a2244727570616c5c436f72655c526f7574696e675c526f757465436f6d70696c6572223b733a343a2275746638223b623a313b733a31323a225f61646d696e5f726f757465223b623a313b733a31343a225f6163636573735f636865636b73223b613a313a7b693a303b733a32333a226163636573735f636865636b2e7065726d697373696f6e223b7d7d733a373a22736368656d6573223b613a303a7b7d733a373a226d6574686f6473223b613a323a7b693a303b733a333a22474554223b693a313b733a343a22504f5354223b7d733a393a22636f6e646974696f6e223b733a303a22223b733a383a22636f6d70696c6564223b4f3a33333a2244727570616c5c436f72655c526f7574696e675c436f6d70696c6564526f757465223a31313a7b733a343a2276617273223b613a303a7b7d733a31313a22706174685f707265666978223b733a303a22223b733a31303a22706174685f7265676578223b733a34353a227b5e2f61646d696e2f7374727563747572652f776562666f726d2f636f6e6669672f726570616972247d734475223b733a31313a22706174685f746f6b656e73223b613a313a7b693a303b613a323a7b693a303b733a343a2274657874223b693a313b733a33383a222f61646d696e2f7374727563747572652f776562666f726d2f636f6e6669672f726570616972223b7d7d733a393a22706174685f76617273223b613a303a7b7d733a31303a22686f73745f7265676578223b4e3b733a31313a22686f73745f746f6b656e73223b613a303a7b7d733a393a22686f73745f76617273223b613a303a7b7d733a333a22666974223b693a33313b733a31343a227061747465726e4f75746c696e65223b733a33383a222f61646d696e2f7374727563747572652f776562666f726d2f636f6e6669672f726570616972223b733a383a226e756d5061727473223b693a353b7d7d, 5),
('webform.config.submissions', '/admin/structure/webform/config/submissions', '/admin/structure/webform/config/submissions', 31, 0x4f3a33313a2253796d666f6e795c436f6d706f6e656e745c526f7574696e675c526f757465223a393a7b733a343a2270617468223b733a34333a222f61646d696e2f7374727563747572652f776562666f726d2f636f6e6669672f7375626d697373696f6e73223b733a343a22686f7374223b733a303a22223b733a383a2264656661756c7473223b613a323a7b733a353a225f666f726d223b733a36363a225c44727570616c5c776562666f726d5c466f726d5c41646d696e436f6e6669675c576562666f726d41646d696e436f6e6669675375626d697373696f6e73466f726d223b733a363a225f7469746c65223b733a33353a22576562666f726d733a205375626d697373696f6e7320636f6e66696775726174696f6e223b7d733a31323a22726571756972656d656e7473223b613a313a7b733a31313a225f7065726d697373696f6e223b733a31383a2261646d696e697374657220776562666f726d223b7d733a373a226f7074696f6e73223b613a343a7b733a31343a22636f6d70696c65725f636c617373223b733a33333a2244727570616c5c436f72655c526f7574696e675c526f757465436f6d70696c6572223b733a343a2275746638223b623a313b733a31323a225f61646d696e5f726f757465223b623a313b733a31343a225f6163636573735f636865636b73223b613a313a7b693a303b733a32333a226163636573735f636865636b2e7065726d697373696f6e223b7d7d733a373a22736368656d6573223b613a303a7b7d733a373a226d6574686f6473223b613a323a7b693a303b733a333a22474554223b693a313b733a343a22504f5354223b7d733a393a22636f6e646974696f6e223b733a303a22223b733a383a22636f6d70696c6564223b4f3a33333a2244727570616c5c436f72655c526f7574696e675c436f6d70696c6564526f757465223a31313a7b733a343a2276617273223b613a303a7b7d733a31313a22706174685f707265666978223b733a303a22223b733a31303a22706174685f7265676578223b733a35303a227b5e2f61646d696e2f7374727563747572652f776562666f726d2f636f6e6669672f7375626d697373696f6e73247d734475223b733a31313a22706174685f746f6b656e73223b613a313a7b693a303b613a323a7b693a303b733a343a2274657874223b693a313b733a34333a222f61646d696e2f7374727563747572652f776562666f726d2f636f6e6669672f7375626d697373696f6e73223b7d7d733a393a22706174685f76617273223b613a303a7b7d733a31303a22686f73745f7265676578223b4e3b733a31313a22686f73745f746f6b656e73223b613a303a7b7d733a393a22686f73745f76617273223b613a303a7b7d733a333a22666974223b693a33313b733a31343a227061747465726e4f75746c696e65223b733a34333a222f61646d696e2f7374727563747572652f776562666f726d2f636f6e6669672f7375626d697373696f6e73223b733a383a226e756d5061727473223b693a353b7d7d, 5),
('webform.config.variants', '/admin/structure/webform/config/variants', '/admin/structure/webform/config/variants', 31, 0x4f3a33313a2253796d666f6e795c436f6d706f6e656e745c526f7574696e675c526f757465223a393a7b733a343a2270617468223b733a34303a222f61646d696e2f7374727563747572652f776562666f726d2f636f6e6669672f76617269616e7473223b733a343a22686f7374223b733a303a22223b733a383a2264656661756c7473223b613a323a7b733a353a225f666f726d223b733a36333a225c44727570616c5c776562666f726d5c466f726d5c41646d696e436f6e6669675c576562666f726d41646d696e436f6e66696756617269616e7473466f726d223b733a363a225f7469746c65223b733a33323a22576562666f726d733a2056617269616e747320636f6e66696775726174696f6e223b7d733a31323a22726571756972656d656e7473223b613a313a7b733a31313a225f7065726d697373696f6e223b733a31383a2261646d696e697374657220776562666f726d223b7d733a373a226f7074696f6e73223b613a343a7b733a31343a22636f6d70696c65725f636c617373223b733a33333a2244727570616c5c436f72655c526f7574696e675c526f757465436f6d70696c6572223b733a343a2275746638223b623a313b733a31323a225f61646d696e5f726f757465223b623a313b733a31343a225f6163636573735f636865636b73223b613a313a7b693a303b733a32333a226163636573735f636865636b2e7065726d697373696f6e223b7d7d733a373a22736368656d6573223b613a303a7b7d733a373a226d6574686f6473223b613a323a7b693a303b733a333a22474554223b693a313b733a343a22504f5354223b7d733a393a22636f6e646974696f6e223b733a303a22223b733a383a22636f6d70696c6564223b4f3a33333a2244727570616c5c436f72655c526f7574696e675c436f6d70696c6564526f757465223a31313a7b733a343a2276617273223b613a303a7b7d733a31313a22706174685f707265666978223b733a303a22223b733a31303a22706174685f7265676578223b733a34373a227b5e2f61646d696e2f7374727563747572652f776562666f726d2f636f6e6669672f76617269616e7473247d734475223b733a31313a22706174685f746f6b656e73223b613a313a7b693a303b613a323a7b693a303b733a343a2274657874223b693a313b733a34303a222f61646d696e2f7374727563747572652f776562666f726d2f636f6e6669672f76617269616e7473223b7d7d733a393a22706174685f76617273223b613a303a7b7d733a31303a22686f73745f7265676578223b4e3b733a31313a22686f73745f746f6b656e73223b613a303a7b7d733a393a22686f73745f76617273223b613a303a7b7d733a333a22666974223b693a33313b733a31343a227061747465726e4f75746c696e65223b733a34303a222f61646d696e2f7374727563747572652f776562666f726d2f636f6e6669672f76617269616e7473223b733a383a226e756d5061727473223b693a353b7d7d, 5),
('webform.element.autocomplete', '/webform/{webform}/autocomplete/{key}', '/webform/%/autocomplete/%', 10, 0x4f3a33313a2253796d666f6e795c436f6d706f6e656e745c526f7574696e675c526f757465223a393a7b733a343a2270617468223b733a33373a222f776562666f726d2f7b776562666f726d7d2f6175746f636f6d706c6574652f7b6b65797d223b733a343a22686f7374223b733a303a22223b733a383a2264656661756c7473223b613a313a7b733a31313a225f636f6e74726f6c6c6572223b733a36353a225c44727570616c5c776562666f726d5c436f6e74726f6c6c65725c576562666f726d456c656d656e74436f6e74726f6c6c65723a3a6175746f636f6d706c657465223b7d733a31323a22726571756972656d656e7473223b613a313a7b733a31343a225f656e746974795f616363657373223b733a32353a22776562666f726d2e7375626d697373696f6e5f637265617465223b7d733a373a226f7074696f6e73223b613a343a7b733a31343a22636f6d70696c65725f636c617373223b733a33333a2244727570616c5c436f72655c526f7574696e675c526f757465436f6d70696c6572223b733a31303a22706172616d6574657273223b613a313a7b733a373a22776562666f726d223b613a323a7b733a343a2274797065223b733a31343a22656e746974793a776562666f726d223b733a393a22636f6e766572746572223b733a32313a22706172616d636f6e7665727465722e656e74697479223b7d7d733a343a2275746638223b623a313b733a31343a225f6163636573735f636865636b73223b613a313a7b693a303b733a31393a226163636573735f636865636b2e656e74697479223b7d7d733a373a22736368656d6573223b613a303a7b7d733a373a226d6574686f6473223b613a323a7b693a303b733a333a22474554223b693a313b733a343a22504f5354223b7d733a393a22636f6e646974696f6e223b733a303a22223b733a383a22636f6d70696c6564223b4f3a33333a2244727570616c5c436f72655c526f7574696e675c436f6d70696c6564526f757465223a31313a7b733a343a2276617273223b613a323a7b693a303b733a373a22776562666f726d223b693a313b733a333a226b6579223b7d733a31313a22706174685f707265666978223b733a303a22223b733a31303a22706174685f7265676578223b733a36343a227b5e2f776562666f726d2f283f503c776562666f726d3e5b5e2f5d2b2b292f6175746f636f6d706c6574652f283f503c6b65793e5b5e2f5d2b2b29247d734475223b733a31313a22706174685f746f6b656e73223b613a343a7b693a303b613a353a7b693a303b733a383a227661726961626c65223b693a313b733a313a222f223b693a323b733a363a225b5e2f5d2b2b223b693a333b733a333a226b6579223b693a343b623a313b7d693a313b613a323a7b693a303b733a343a2274657874223b693a313b733a31333a222f6175746f636f6d706c657465223b7d693a323b613a353a7b693a303b733a383a227661726961626c65223b693a313b733a313a222f223b693a323b733a363a225b5e2f5d2b2b223b693a333b733a373a22776562666f726d223b693a343b623a313b7d693a333b613a323a7b693a303b733a343a2274657874223b693a313b733a383a222f776562666f726d223b7d7d733a393a22706174685f76617273223b613a323a7b693a303b733a373a22776562666f726d223b693a313b733a333a226b6579223b7d733a31303a22686f73745f7265676578223b4e3b733a31313a22686f73745f746f6b656e73223b613a303a7b7d733a393a22686f73745f76617273223b613a303a7b7d733a333a22666974223b693a31303b733a31343a227061747465726e4f75746c696e65223b733a32353a222f776562666f726d2f252f6175746f636f6d706c6574652f25223b733a383a226e756d5061727473223b693a343b7d7d, 4),
('webform.element.message.close', '/webform/message/close/{storage}/{id}', '/webform/message/close/%/%', 28, 0x4f3a33313a2253796d666f6e795c436f6d706f6e656e745c526f7574696e675c526f757465223a393a7b733a343a2270617468223b733a33373a222f776562666f726d2f6d6573736167652f636c6f73652f7b73746f726167657d2f7b69647d223b733a343a22686f7374223b733a303a22223b733a383a2264656661756c7473223b613a323a7b733a31313a225f636f6e74726f6c6c6572223b733a35383a225c44727570616c5c776562666f726d5c436f6e74726f6c6c65725c576562666f726d456c656d656e74436f6e74726f6c6c65723a3a636c6f7365223b733a383a225f73746f72616765223b733a343a2275736572223b7d733a31323a22726571756972656d656e7473223b613a323a7b733a31383a225f757365725f69735f6c6f676765645f696e223b733a343a2254525545223b733a31313a225f637372665f746f6b656e223b733a343a2254525545223b7d733a373a226f7074696f6e73223b613a333a7b733a31343a22636f6d70696c65725f636c617373223b733a33333a2244727570616c5c436f72655c526f7574696e675c526f757465436f6d70696c6572223b733a343a2275746638223b623a313b733a31343a225f6163636573735f636865636b73223b613a323a7b693a303b733a33303a226163636573735f636865636b2e757365722e6c6f67696e5f737461747573223b693a313b733a31373a226163636573735f636865636b2e63737266223b7d7d733a373a22736368656d6573223b613a303a7b7d733a373a226d6574686f6473223b613a323a7b693a303b733a333a22474554223b693a313b733a343a22504f5354223b7d733a393a22636f6e646974696f6e223b733a303a22223b733a383a22636f6d70696c6564223b4f3a33333a2244727570616c5c436f72655c526f7574696e675c436f6d70696c6564526f757465223a31313a7b733a343a2276617273223b613a323a7b693a303b733a373a2273746f72616765223b693a313b733a323a226964223b7d733a31313a22706174685f707265666978223b733a303a22223b733a31303a22706174685f7265676578223b733a36343a227b5e2f776562666f726d2f6d6573736167652f636c6f73652f283f503c73746f726167653e5b5e2f5d2b2b292f283f503c69643e5b5e2f5d2b2b29247d734475223b733a31313a22706174685f746f6b656e73223b613a333a7b693a303b613a353a7b693a303b733a383a227661726961626c65223b693a313b733a313a222f223b693a323b733a363a225b5e2f5d2b2b223b693a333b733a323a226964223b693a343b623a313b7d693a313b613a353a7b693a303b733a383a227661726961626c65223b693a313b733a313a222f223b693a323b733a363a225b5e2f5d2b2b223b693a333b733a373a2273746f72616765223b693a343b623a313b7d693a323b613a323a7b693a303b733a343a2274657874223b693a313b733a32323a222f776562666f726d2f6d6573736167652f636c6f7365223b7d7d733a393a22706174685f76617273223b613a323a7b693a303b733a373a2273746f72616765223b693a313b733a323a226964223b7d733a31303a22686f73745f7265676578223b4e3b733a31313a22686f73745f746f6b656e73223b613a303a7b7d733a393a22686f73745f76617273223b613a303a7b7d733a333a22666974223b693a32383b733a31343a227061747465726e4f75746c696e65223b733a32363a222f776562666f726d2f6d6573736167652f636c6f73652f252f25223b733a383a226e756d5061727473223b693a353b7d7d, 5),
('webform.help', '/admin/structure/webform/help', '/admin/structure/webform/help', 15, 0x4f3a33313a2253796d666f6e795c436f6d706f6e656e745c526f7574696e675c526f757465223a393a7b733a343a2270617468223b733a32393a222f61646d696e2f7374727563747572652f776562666f726d2f68656c70223b733a343a22686f7374223b733a303a22223b733a383a2264656661756c7473223b613a323a7b733a31313a225f636f6e74726f6c6c6572223b733a35353a225c44727570616c5c776562666f726d5c436f6e74726f6c6c65725c576562666f726d48656c70436f6e74726f6c6c65723a3a696e646578223b733a363a225f7469746c65223b733a31343a22576562666f726d733a2048656c70223b7d733a31323a22726571756972656d656e7473223b613a313a7b733a31313a225f7065726d697373696f6e223b733a31393a2261636365737320776562666f726d2068656c70223b7d733a373a226f7074696f6e73223b613a343a7b733a31343a22636f6d70696c65725f636c617373223b733a33333a2244727570616c5c436f72655c526f7574696e675c526f757465436f6d70696c6572223b733a343a2275746638223b623a313b733a31323a225f61646d696e5f726f757465223b623a313b733a31343a225f6163636573735f636865636b73223b613a313a7b693a303b733a32333a226163636573735f636865636b2e7065726d697373696f6e223b7d7d733a373a22736368656d6573223b613a303a7b7d733a373a226d6574686f6473223b613a323a7b693a303b733a333a22474554223b693a313b733a343a22504f5354223b7d733a393a22636f6e646974696f6e223b733a303a22223b733a383a22636f6d70696c6564223b4f3a33333a2244727570616c5c436f72655c526f7574696e675c436f6d70696c6564526f757465223a31313a7b733a343a2276617273223b613a303a7b7d733a31313a22706174685f707265666978223b733a303a22223b733a31303a22706174685f7265676578223b733a33363a227b5e2f61646d696e2f7374727563747572652f776562666f726d2f68656c70247d734475223b733a31313a22706174685f746f6b656e73223b613a313a7b693a303b613a323a7b693a303b733a343a2274657874223b693a313b733a32393a222f61646d696e2f7374727563747572652f776562666f726d2f68656c70223b7d7d733a393a22706174685f76617273223b613a303a7b7d733a31303a22686f73745f7265676578223b4e3b733a31313a22686f73745f746f6b656e73223b613a303a7b7d733a393a22686f73745f76617273223b613a303a7b7d733a333a22666974223b693a31353b733a31343a227061747465726e4f75746c696e65223b733a32393a222f61646d696e2f7374727563747572652f776562666f726d2f68656c70223b733a383a226e756d5061727473223b693a343b7d7d, 4),
('webform.help.video', '/admin/help/webform/video/{id}', '/admin/help/webform/video/%', 30, 0x4f3a33313a2253796d666f6e795c436f6d706f6e656e745c526f7574696e675c526f757465223a393a7b733a343a2270617468223b733a33303a222f61646d696e2f68656c702f776562666f726d2f766964656f2f7b69647d223b733a343a22686f7374223b733a303a22223b733a383a2264656661756c7473223b613a313a7b733a353a225f666f726d223b733a34313a225c44727570616c5c776562666f726d5c466f726d5c576562666f726d48656c70566964656f466f726d223b7d733a31323a22726571756972656d656e7473223b613a313a7b733a31313a225f7065726d697373696f6e223b733a31343a2261636365737320636f6e74656e74223b7d733a373a226f7074696f6e73223b613a343a7b733a31343a22636f6d70696c65725f636c617373223b733a33333a2244727570616c5c436f72655c526f7574696e675c526f757465436f6d70696c6572223b733a343a2275746638223b623a313b733a31323a225f61646d696e5f726f757465223b623a313b733a31343a225f6163636573735f636865636b73223b613a313a7b693a303b733a32333a226163636573735f636865636b2e7065726d697373696f6e223b7d7d733a373a22736368656d6573223b613a303a7b7d733a373a226d6574686f6473223b613a323a7b693a303b733a333a22474554223b693a313b733a343a22504f5354223b7d733a393a22636f6e646974696f6e223b733a303a22223b733a383a22636f6d70696c6564223b4f3a33333a2244727570616c5c436f72655c526f7574696e675c436f6d70696c6564526f757465223a31313a7b733a343a2276617273223b613a313a7b693a303b733a323a226964223b7d733a31313a22706174685f707265666978223b733a303a22223b733a31303a22706174685f7265676578223b733a34373a227b5e2f61646d696e2f68656c702f776562666f726d2f766964656f2f283f503c69643e5b5e2f5d2b2b29247d734475223b733a31313a22706174685f746f6b656e73223b613a323a7b693a303b613a353a7b693a303b733a383a227661726961626c65223b693a313b733a313a222f223b693a323b733a363a225b5e2f5d2b2b223b693a333b733a323a226964223b693a343b623a313b7d693a313b613a323a7b693a303b733a343a2274657874223b693a313b733a32353a222f61646d696e2f68656c702f776562666f726d2f766964656f223b7d7d733a393a22706174685f76617273223b613a313a7b693a303b733a323a226964223b7d733a31303a22686f73745f7265676578223b4e3b733a31313a22686f73745f746f6b656e73223b613a303a7b7d733a393a22686f73745f76617273223b613a303a7b7d733a333a22666974223b693a33303b733a31343a227061747465726e4f75746c696e65223b733a32373a222f61646d696e2f68656c702f776562666f726d2f766964656f2f25223b733a383a226e756d5061727473223b693a353b7d7d, 5),
('webform.reports_plugins.elements', '/admin/reports/webform-plugins/elements', '/admin/reports/webform-plugins/elements', 15, 0x4f3a33313a2253796d666f6e795c436f6d706f6e656e745c526f7574696e675c526f757465223a393a7b733a343a2270617468223b733a33393a222f61646d696e2f7265706f7274732f776562666f726d2d706c7567696e732f656c656d656e7473223b733a343a22686f7374223b733a303a22223b733a383a2264656661756c7473223b613a323a7b733a31313a225f636f6e74726f6c6c6572223b733a36343a225c44727570616c5c776562666f726d5c436f6e74726f6c6c65725c576562666f726d506c7567696e456c656d656e74436f6e74726f6c6c65723a3a696e646578223b733a363a225f7469746c65223b733a32353a22576562666f726d20706c7567696e733a20456c656d656e7473223b7d733a31323a22726571756972656d656e7473223b613a313a7b733a31313a225f7065726d697373696f6e223b733a31383a2261646d696e697374657220776562666f726d223b7d733a373a226f7074696f6e73223b613a343a7b733a31343a22636f6d70696c65725f636c617373223b733a33333a2244727570616c5c436f72655c526f7574696e675c526f757465436f6d70696c6572223b733a343a2275746638223b623a313b733a31323a225f61646d696e5f726f757465223b623a313b733a31343a225f6163636573735f636865636b73223b613a313a7b693a303b733a32333a226163636573735f636865636b2e7065726d697373696f6e223b7d7d733a373a22736368656d6573223b613a303a7b7d733a373a226d6574686f6473223b613a323a7b693a303b733a333a22474554223b693a313b733a343a22504f5354223b7d733a393a22636f6e646974696f6e223b733a303a22223b733a383a22636f6d70696c6564223b4f3a33333a2244727570616c5c436f72655c526f7574696e675c436f6d70696c6564526f757465223a31313a7b733a343a2276617273223b613a303a7b7d733a31313a22706174685f707265666978223b733a303a22223b733a31303a22706174685f7265676578223b733a34373a227b5e2f61646d696e2f7265706f7274732f776562666f726d5c2d706c7567696e732f656c656d656e7473247d734475223b733a31313a22706174685f746f6b656e73223b613a313a7b693a303b613a323a7b693a303b733a343a2274657874223b693a313b733a33393a222f61646d696e2f7265706f7274732f776562666f726d2d706c7567696e732f656c656d656e7473223b7d7d733a393a22706174685f76617273223b613a303a7b7d733a31303a22686f73745f7265676578223b4e3b733a31313a22686f73745f746f6b656e73223b613a303a7b7d733a393a22686f73745f76617273223b613a303a7b7d733a333a22666974223b693a31353b733a31343a227061747465726e4f75746c696e65223b733a33393a222f61646d696e2f7265706f7274732f776562666f726d2d706c7567696e732f656c656d656e7473223b733a383a226e756d5061727473223b693a343b7d7d, 4),
('webform.reports_plugins.elements.test', '/admin/reports/webform-plugins/elements/{type}/test', '/admin/reports/webform-plugins/elements/%/test', 61, 0x4f3a33313a2253796d666f6e795c436f6d706f6e656e745c526f7574696e675c526f757465223a393a7b733a343a2270617468223b733a35313a222f61646d696e2f7265706f7274732f776562666f726d2d706c7567696e732f656c656d656e74732f7b747970657d2f74657374223b733a343a22686f7374223b733a303a22223b733a383a2264656661756c7473223b613a323a7b733a353a225f666f726d223b733a34383a225c44727570616c5c776562666f726d5f75695c466f726d5c576562666f726d5569456c656d656e7454657374466f726d223b733a363a225f7469746c65223b733a31323a225465737420656c656d656e74223b7d733a31323a22726571756972656d656e7473223b613a313a7b733a31313a225f7065726d697373696f6e223b733a31383a2261646d696e697374657220776562666f726d223b7d733a373a226f7074696f6e73223b613a353a7b733a31343a22636f6d70696c65725f636c617373223b733a33333a2244727570616c5c436f72655c526f7574696e675c526f757465436f6d70696c6572223b733a343a2275746638223b623a313b733a31303a22706172616d6574657273223b613a313a7b733a373a22776562666f726d223b613a323a7b733a343a2274797065223b733a31343a22656e746974793a776562666f726d223b733a393a22636f6e766572746572223b733a36333a2264727570616c2e70726f78795f6f726967696e616c5f736572766963652e706172616d636f6e7665727465722e636f6e666967656e746974795f61646d696e223b7d7d733a31323a225f61646d696e5f726f757465223b623a313b733a31343a225f6163636573735f636865636b73223b613a313a7b693a303b733a32333a226163636573735f636865636b2e7065726d697373696f6e223b7d7d733a373a22736368656d6573223b613a303a7b7d733a373a226d6574686f6473223b613a323a7b693a303b733a333a22474554223b693a313b733a343a22504f5354223b7d733a393a22636f6e646974696f6e223b733a303a22223b733a383a22636f6d70696c6564223b4f3a33333a2244727570616c5c436f72655c526f7574696e675c436f6d70696c6564526f757465223a31313a7b733a343a2276617273223b613a313a7b693a303b733a343a2274797065223b7d733a31313a22706174685f707265666978223b733a303a22223b733a31303a22706174685f7265676578223b733a36393a227b5e2f61646d696e2f7265706f7274732f776562666f726d5c2d706c7567696e732f656c656d656e74732f283f503c747970653e5b5e2f5d2b2b292f74657374247d734475223b733a31313a22706174685f746f6b656e73223b613a333a7b693a303b613a323a7b693a303b733a343a2274657874223b693a313b733a353a222f74657374223b7d693a313b613a353a7b693a303b733a383a227661726961626c65223b693a313b733a313a222f223b693a323b733a363a225b5e2f5d2b2b223b693a333b733a343a2274797065223b693a343b623a313b7d693a323b613a323a7b693a303b733a343a2274657874223b693a313b733a33393a222f61646d696e2f7265706f7274732f776562666f726d2d706c7567696e732f656c656d656e7473223b7d7d733a393a22706174685f76617273223b613a313a7b693a303b733a343a2274797065223b7d733a31303a22686f73745f7265676578223b4e3b733a31313a22686f73745f746f6b656e73223b613a303a7b7d733a393a22686f73745f76617273223b613a303a7b7d733a333a22666974223b693a36313b733a31343a227061747465726e4f75746c696e65223b733a34363a222f61646d696e2f7265706f7274732f776562666f726d2d706c7567696e732f656c656d656e74732f252f74657374223b733a383a226e756d5061727473223b693a363b7d7d, 6),
('webform.reports_plugins.exporters', '/admin/reports/webform-plugins/exporters', '/admin/reports/webform-plugins/exporters', 15, 0x4f3a33313a2253796d666f6e795c436f6d706f6e656e745c526f7574696e675c526f757465223a393a7b733a343a2270617468223b733a34303a222f61646d696e2f7265706f7274732f776562666f726d2d706c7567696e732f6578706f7274657273223b733a343a22686f7374223b733a303a22223b733a383a2264656661756c7473223b613a323a7b733a31313a225f636f6e74726f6c6c6572223b733a36353a225c44727570616c5c776562666f726d5c436f6e74726f6c6c65725c576562666f726d506c7567696e4578706f72746572436f6e74726f6c6c65723a3a696e646578223b733a363a225f7469746c65223b733a32363a22576562666f726d20706c7567696e733a204578706f7274657273223b7d733a31323a22726571756972656d656e7473223b613a313a7b733a31313a225f7065726d697373696f6e223b733a31383a2261646d696e697374657220776562666f726d223b7d733a373a226f7074696f6e73223b613a343a7b733a31343a22636f6d70696c65725f636c617373223b733a33333a2244727570616c5c436f72655c526f7574696e675c526f757465436f6d70696c6572223b733a343a2275746638223b623a313b733a31323a225f61646d696e5f726f757465223b623a313b733a31343a225f6163636573735f636865636b73223b613a313a7b693a303b733a32333a226163636573735f636865636b2e7065726d697373696f6e223b7d7d733a373a22736368656d6573223b613a303a7b7d733a373a226d6574686f6473223b613a323a7b693a303b733a333a22474554223b693a313b733a343a22504f5354223b7d733a393a22636f6e646974696f6e223b733a303a22223b733a383a22636f6d70696c6564223b4f3a33333a2244727570616c5c436f72655c526f7574696e675c436f6d70696c6564526f757465223a31313a7b733a343a2276617273223b613a303a7b7d733a31313a22706174685f707265666978223b733a303a22223b733a31303a22706174685f7265676578223b733a34383a227b5e2f61646d696e2f7265706f7274732f776562666f726d5c2d706c7567696e732f6578706f7274657273247d734475223b733a31313a22706174685f746f6b656e73223b613a313a7b693a303b613a323a7b693a303b733a343a2274657874223b693a313b733a34303a222f61646d696e2f7265706f7274732f776562666f726d2d706c7567696e732f6578706f7274657273223b7d7d733a393a22706174685f76617273223b613a303a7b7d733a31303a22686f73745f7265676578223b4e3b733a31313a22686f73745f746f6b656e73223b613a303a7b7d733a393a22686f73745f76617273223b613a303a7b7d733a333a22666974223b693a31353b733a31343a227061747465726e4f75746c696e65223b733a34303a222f61646d696e2f7265706f7274732f776562666f726d2d706c7567696e732f6578706f7274657273223b733a383a226e756d5061727473223b693a343b7d7d, 4),
('webform.reports_plugins.handlers', '/admin/reports/webform-plugins/handlers', '/admin/reports/webform-plugins/handlers', 15, 0x4f3a33313a2253796d666f6e795c436f6d706f6e656e745c526f7574696e675c526f757465223a393a7b733a343a2270617468223b733a33393a222f61646d696e2f7265706f7274732f776562666f726d2d706c7567696e732f68616e646c657273223b733a343a22686f7374223b733a303a22223b733a383a2264656661756c7473223b613a323a7b733a31313a225f636f6e74726f6c6c6572223b733a36343a225c44727570616c5c776562666f726d5c436f6e74726f6c6c65725c576562666f726d506c7567696e48616e646c6572436f6e74726f6c6c65723a3a696e646578223b733a363a225f7469746c65223b733a32353a22576562666f726d20706c7567696e733a2048616e646c657273223b7d733a31323a22726571756972656d656e7473223b613a313a7b733a31313a225f7065726d697373696f6e223b733a31383a2261646d696e697374657220776562666f726d223b7d733a373a226f7074696f6e73223b613a343a7b733a31343a22636f6d70696c65725f636c617373223b733a33333a2244727570616c5c436f72655c526f7574696e675c526f757465436f6d70696c6572223b733a343a2275746638223b623a313b733a31323a225f61646d696e5f726f757465223b623a313b733a31343a225f6163636573735f636865636b73223b613a313a7b693a303b733a32333a226163636573735f636865636b2e7065726d697373696f6e223b7d7d733a373a22736368656d6573223b613a303a7b7d733a373a226d6574686f6473223b613a323a7b693a303b733a333a22474554223b693a313b733a343a22504f5354223b7d733a393a22636f6e646974696f6e223b733a303a22223b733a383a22636f6d70696c6564223b4f3a33333a2244727570616c5c436f72655c526f7574696e675c436f6d70696c6564526f757465223a31313a7b733a343a2276617273223b613a303a7b7d733a31313a22706174685f707265666978223b733a303a22223b733a31303a22706174685f7265676578223b733a34373a227b5e2f61646d696e2f7265706f7274732f776562666f726d5c2d706c7567696e732f68616e646c657273247d734475223b733a31313a22706174685f746f6b656e73223b613a313a7b693a303b613a323a7b693a303b733a343a2274657874223b693a313b733a33393a222f61646d696e2f7265706f7274732f776562666f726d2d706c7567696e732f68616e646c657273223b7d7d733a393a22706174685f76617273223b613a303a7b7d733a31303a22686f73745f7265676578223b4e3b733a31313a22686f73745f746f6b656e73223b613a303a7b7d733a393a22686f73745f76617273223b613a303a7b7d733a333a22666974223b693a31353b733a31343a227061747465726e4f75746c696e65223b733a33393a222f61646d696e2f7265706f7274732f776562666f726d2d706c7567696e732f68616e646c657273223b733a383a226e756d5061727473223b693a343b7d7d, 4),
('webform.reports_plugins.variants', '/admin/reports/webform-plugins/variants', '/admin/reports/webform-plugins/variants', 15, 0x4f3a33313a2253796d666f6e795c436f6d706f6e656e745c526f7574696e675c526f757465223a393a7b733a343a2270617468223b733a33393a222f61646d696e2f7265706f7274732f776562666f726d2d706c7567696e732f76617269616e7473223b733a343a22686f7374223b733a303a22223b733a383a2264656661756c7473223b613a323a7b733a31313a225f636f6e74726f6c6c6572223b733a36343a225c44727570616c5c776562666f726d5c436f6e74726f6c6c65725c576562666f726d506c7567696e56617269616e74436f6e74726f6c6c65723a3a696e646578223b733a363a225f7469746c65223b733a32353a22576562666f726d20706c7567696e733a2056617269616e7473223b7d733a31323a22726571756972656d656e7473223b613a313a7b733a31313a225f7065726d697373696f6e223b733a31383a2261646d696e697374657220776562666f726d223b7d733a373a226f7074696f6e73223b613a343a7b733a31343a22636f6d70696c65725f636c617373223b733a33333a2244727570616c5c436f72655c526f7574696e675c526f757465436f6d70696c6572223b733a343a2275746638223b623a313b733a31323a225f61646d696e5f726f757465223b623a313b733a31343a225f6163636573735f636865636b73223b613a313a7b693a303b733a32333a226163636573735f636865636b2e7065726d697373696f6e223b7d7d733a373a22736368656d6573223b613a303a7b7d733a373a226d6574686f6473223b613a323a7b693a303b733a333a22474554223b693a313b733a343a22504f5354223b7d733a393a22636f6e646974696f6e223b733a303a22223b733a383a22636f6d70696c6564223b4f3a33333a2244727570616c5c436f72655c526f7574696e675c436f6d70696c6564526f757465223a31313a7b733a343a2276617273223b613a303a7b7d733a31313a22706174685f707265666978223b733a303a22223b733a31303a22706174685f7265676578223b733a34373a227b5e2f61646d696e2f7265706f7274732f776562666f726d5c2d706c7567696e732f76617269616e7473247d734475223b733a31313a22706174685f746f6b656e73223b613a313a7b693a303b613a323a7b693a303b733a343a2274657874223b693a313b733a33393a222f61646d696e2f7265706f7274732f776562666f726d2d706c7567696e732f76617269616e7473223b7d7d733a393a22706174685f76617273223b613a303a7b7d733a31303a22686f73745f7265676578223b4e3b733a31313a22686f73745f746f6b656e73223b613a303a7b7d733a393a22686f73745f76617273223b613a303a7b7d733a333a22666974223b693a31353b733a31343a227061747465726e4f75746c696e65223b733a33393a222f61646d696e2f7265706f7274732f776562666f726d2d706c7567696e732f76617269616e7473223b733a383a226e756d5061727473223b693a343b7d7d, 4),
('webform_submission.multiple_delete_confirm', '/admin/structure/webform/results/delete', '/admin/structure/webform/results/delete', 31, 0x4f3a33313a2253796d666f6e795c436f6d706f6e656e745c526f7574696e675c526f757465223a393a7b733a343a2270617468223b733a33393a222f61646d696e2f7374727563747572652f776562666f726d2f726573756c74732f64656c657465223b733a343a22686f7374223b733a303a22223b733a383a2264656661756c7473223b613a323a7b733a353a225f666f726d223b733a35363a225c44727570616c5c776562666f726d5c466f726d5c576562666f726d5375626d697373696f6e44656c6574654d756c7469706c65466f726d223b733a31343a22656e746974795f747970655f6964223b733a31383a22776562666f726d5f7375626d697373696f6e223b7d733a31323a22726571756972656d656e7473223b613a313a7b733a33303a225f656e746974795f64656c6574655f6d756c7469706c655f616363657373223b733a31383a22776562666f726d5f7375626d697373696f6e223b7d733a373a226f7074696f6e73223b613a343a7b733a31343a22636f6d70696c65725f636c617373223b733a33333a2244727570616c5c436f72655c526f7574696e675c526f757465436f6d70696c6572223b733a343a2275746638223b623a313b733a31323a225f61646d696e5f726f757465223b623a313b733a31343a225f6163636573735f636865636b73223b613a313a7b693a303b733a33353a226163636573735f636865636b2e656e746974795f64656c6574655f6d756c7469706c65223b7d7d733a373a22736368656d6573223b613a303a7b7d733a373a226d6574686f6473223b613a323a7b693a303b733a333a22474554223b693a313b733a343a22504f5354223b7d733a393a22636f6e646974696f6e223b733a303a22223b733a383a22636f6d70696c6564223b4f3a33333a2244727570616c5c436f72655c526f7574696e675c436f6d70696c6564526f757465223a31313a7b733a343a2276617273223b613a303a7b7d733a31313a22706174685f707265666978223b733a303a22223b733a31303a22706174685f7265676578223b733a34363a227b5e2f61646d696e2f7374727563747572652f776562666f726d2f726573756c74732f64656c657465247d734475223b733a31313a22706174685f746f6b656e73223b613a313a7b693a303b613a323a7b693a303b733a343a2274657874223b693a313b733a33393a222f61646d696e2f7374727563747572652f776562666f726d2f726573756c74732f64656c657465223b7d7d733a393a22706174685f76617273223b613a303a7b7d733a31303a22686f73745f7265676578223b4e3b733a31313a22686f73745f746f6b656e73223b613a303a7b7d733a393a22686f73745f76617273223b613a303a7b7d733a333a22666974223b693a33313b733a31343a227061747465726e4f75746c696e65223b733a33393a222f61646d696e2f7374727563747572652f776562666f726d2f726573756c74732f64656c657465223b733a383a226e756d5061727473223b693a353b7d7d, 5);
INSERT INTO `router` (`name`, `path`, `pattern_outline`, `fit`, `route`, `number_parts`) VALUES
('york_misc.addevent', '/admin/add-event', '/admin/add-event', 3, 0x4f3a33313a2253796d666f6e795c436f6d706f6e656e745c526f7574696e675c526f757465223a393a7b733a343a2270617468223b733a31363a222f61646d696e2f6164642d6576656e74223b733a343a22686f7374223b733a303a22223b733a383a2264656661756c7473223b613a323a7b733a31313a225f636f6e74726f6c6c6572223b733a35373a225c44727570616c5c796f726b5f6d6973635c436f6e74726f6c6c65725c4461746173617665436f6e74726f6c6c65723a3a6164644576656e74223b733a363a225f7469746c65223b733a31303a224576656e742053617665223b7d733a31323a22726571756972656d656e7473223b613a313a7b733a31313a225f7065726d697373696f6e223b733a31343a2261636365737320636f6e74656e74223b7d733a373a226f7074696f6e73223b613a343a7b733a31343a22636f6d70696c65725f636c617373223b733a33333a2244727570616c5c436f72655c526f7574696e675c526f757465436f6d70696c6572223b733a343a2275746638223b623a313b733a31323a225f61646d696e5f726f757465223b623a313b733a31343a225f6163636573735f636865636b73223b613a313a7b693a303b733a32333a226163636573735f636865636b2e7065726d697373696f6e223b7d7d733a373a22736368656d6573223b613a303a7b7d733a373a226d6574686f6473223b613a323a7b693a303b733a333a22474554223b693a313b733a343a22504f5354223b7d733a393a22636f6e646974696f6e223b733a303a22223b733a383a22636f6d70696c6564223b4f3a33333a2244727570616c5c436f72655c526f7574696e675c436f6d70696c6564526f757465223a31313a7b733a343a2276617273223b613a303a7b7d733a31313a22706174685f707265666978223b733a303a22223b733a31303a22706174685f7265676578223b733a32343a227b5e2f61646d696e2f6164645c2d6576656e74247d734475223b733a31313a22706174685f746f6b656e73223b613a313a7b693a303b613a323a7b693a303b733a343a2274657874223b693a313b733a31363a222f61646d696e2f6164642d6576656e74223b7d7d733a393a22706174685f76617273223b613a303a7b7d733a31303a22686f73745f7265676578223b4e3b733a31313a22686f73745f746f6b656e73223b613a303a7b7d733a393a22686f73745f76617273223b613a303a7b7d733a333a22666974223b693a333b733a31343a227061747465726e4f75746c696e65223b733a31363a222f61646d696e2f6164642d6576656e74223b733a383a226e756d5061727473223b693a323b7d7d, 2),
('york_misc.cache_clean', '/custom_cache_clean', '/custom_cache_clean', 1, 0x4f3a33313a2253796d666f6e795c436f6d706f6e656e745c526f7574696e675c526f757465223a393a7b733a343a2270617468223b733a31393a222f637573746f6d5f63616368655f636c65616e223b733a343a22686f7374223b733a303a22223b733a383a2264656661756c7473223b613a323a7b733a31313a225f636f6e74726f6c6c6572223b733a36353a225c44727570616c5c796f726b5f6d6973635c436f6e74726f6c6c65725c437573746f6d436163636865436c65616e436f6e74726f6c6c65723a3a636f6e74656e74223b733a363a225f7469746c65223b733a31383a22437573746f6d20436163686520436c65616e223b7d733a31323a22726571756972656d656e7473223b613a313a7b733a31313a225f7065726d697373696f6e223b733a31343a2261636365737320636f6e74656e74223b7d733a373a226f7074696f6e73223b613a333a7b733a31343a22636f6d70696c65725f636c617373223b733a33333a2244727570616c5c436f72655c526f7574696e675c526f757465436f6d70696c6572223b733a343a2275746638223b623a313b733a31343a225f6163636573735f636865636b73223b613a313a7b693a303b733a32333a226163636573735f636865636b2e7065726d697373696f6e223b7d7d733a373a22736368656d6573223b613a303a7b7d733a373a226d6574686f6473223b613a323a7b693a303b733a333a22474554223b693a313b733a343a22504f5354223b7d733a393a22636f6e646974696f6e223b733a303a22223b733a383a22636f6d70696c6564223b4f3a33333a2244727570616c5c436f72655c526f7574696e675c436f6d70696c6564526f757465223a31313a7b733a343a2276617273223b613a303a7b7d733a31313a22706174685f707265666978223b733a303a22223b733a31303a22706174685f7265676578223b733a32363a227b5e2f637573746f6d5f63616368655f636c65616e247d734475223b733a31313a22706174685f746f6b656e73223b613a313a7b693a303b613a323a7b693a303b733a343a2274657874223b693a313b733a31393a222f637573746f6d5f63616368655f636c65616e223b7d7d733a393a22706174685f76617273223b613a303a7b7d733a31303a22686f73745f7265676578223b4e3b733a31313a22686f73745f746f6b656e73223b613a303a7b7d733a393a22686f73745f76617273223b613a303a7b7d733a333a22666974223b693a313b733a31343a227061747465726e4f75746c696e65223b733a31393a222f637573746f6d5f63616368655f636c65616e223b733a383a226e756d5061727473223b693a313b7d7d, 1),
('york_misc.change_admin_password', '/change_admin_password', '/change_admin_password', 1, 0x4f3a33313a2253796d666f6e795c436f6d706f6e656e745c526f7574696e675c526f757465223a393a7b733a343a2270617468223b733a32323a222f6368616e67655f61646d696e5f70617373776f7264223b733a343a22686f7374223b733a303a22223b733a383a2264656661756c7473223b613a323a7b733a31313a225f636f6e74726f6c6c6572223b733a35373a225c44727570616c5c796f726b5f6d6973635c436f6e74726f6c6c65725c4368616e676541646d696e50617373776f72643a3a636f6e74656e74223b733a363a225f7469746c65223b733a32313a224368616e67652041646d696e2050617373776f7264223b7d733a31323a22726571756972656d656e7473223b613a313a7b733a31313a225f7065726d697373696f6e223b733a31343a2261636365737320636f6e74656e74223b7d733a373a226f7074696f6e73223b613a333a7b733a31343a22636f6d70696c65725f636c617373223b733a33333a2244727570616c5c436f72655c526f7574696e675c526f757465436f6d70696c6572223b733a343a2275746638223b623a313b733a31343a225f6163636573735f636865636b73223b613a313a7b693a303b733a32333a226163636573735f636865636b2e7065726d697373696f6e223b7d7d733a373a22736368656d6573223b613a303a7b7d733a373a226d6574686f6473223b613a323a7b693a303b733a333a22474554223b693a313b733a343a22504f5354223b7d733a393a22636f6e646974696f6e223b733a303a22223b733a383a22636f6d70696c6564223b4f3a33333a2244727570616c5c436f72655c526f7574696e675c436f6d70696c6564526f757465223a31313a7b733a343a2276617273223b613a303a7b7d733a31313a22706174685f707265666978223b733a303a22223b733a31303a22706174685f7265676578223b733a32393a227b5e2f6368616e67655f61646d696e5f70617373776f7264247d734475223b733a31313a22706174685f746f6b656e73223b613a313a7b693a303b613a323a7b693a303b733a343a2274657874223b693a313b733a32323a222f6368616e67655f61646d696e5f70617373776f7264223b7d7d733a393a22706174685f76617273223b613a303a7b7d733a31303a22686f73745f7265676578223b4e3b733a31313a22686f73745f746f6b656e73223b613a303a7b7d733a393a22686f73745f76617273223b613a303a7b7d733a333a22666974223b693a313b733a31343a227061747465726e4f75746c696e65223b733a32323a222f6368616e67655f61646d696e5f70617373776f7264223b733a383a226e756d5061727473223b693a313b7d7d, 1),
('york_misc.content', '/datasave', '/datasave', 1, 0x4f3a33313a2253796d666f6e795c436f6d706f6e656e745c526f7574696e675c526f757465223a393a7b733a343a2270617468223b733a393a222f6461746173617665223b733a343a22686f7374223b733a303a22223b733a383a2264656661756c7473223b613a323a7b733a31313a225f636f6e74726f6c6c6572223b733a35373a225c44727570616c5c796f726b5f6d6973635c436f6e74726f6c6c65725c4461746173617665436f6e74726f6c6c65723a3a7361766544617461223b733a363a225f7469746c65223b733a393a22446174612053617665223b7d733a31323a22726571756972656d656e7473223b613a313a7b733a31313a225f7065726d697373696f6e223b733a31343a2261636365737320636f6e74656e74223b7d733a373a226f7074696f6e73223b613a333a7b733a31343a22636f6d70696c65725f636c617373223b733a33333a2244727570616c5c436f72655c526f7574696e675c526f757465436f6d70696c6572223b733a343a2275746638223b623a313b733a31343a225f6163636573735f636865636b73223b613a313a7b693a303b733a32333a226163636573735f636865636b2e7065726d697373696f6e223b7d7d733a373a22736368656d6573223b613a303a7b7d733a373a226d6574686f6473223b613a323a7b693a303b733a333a22474554223b693a313b733a343a22504f5354223b7d733a393a22636f6e646974696f6e223b733a303a22223b733a383a22636f6d70696c6564223b4f3a33333a2244727570616c5c436f72655c526f7574696e675c436f6d70696c6564526f757465223a31313a7b733a343a2276617273223b613a303a7b7d733a31313a22706174685f707265666978223b733a303a22223b733a31303a22706174685f7265676578223b733a31363a227b5e2f6461746173617665247d734475223b733a31313a22706174685f746f6b656e73223b613a313a7b693a303b613a323a7b693a303b733a343a2274657874223b693a313b733a393a222f6461746173617665223b7d7d733a393a22706174685f76617273223b613a303a7b7d733a31303a22686f73745f7265676578223b4e3b733a31313a22686f73745f746f6b656e73223b613a303a7b7d733a393a22686f73745f76617273223b613a303a7b7d733a333a22666974223b693a313b733a31343a227061747465726e4f75746c696e65223b733a393a222f6461746173617665223b733a383a226e756d5061727473223b693a313b7d7d, 1),
('york_misc.dashboard', '/admin/dashboard', '/admin/dashboard', 3, 0x4f3a33313a2253796d666f6e795c436f6d706f6e656e745c526f7574696e675c526f757465223a393a7b733a343a2270617468223b733a31363a222f61646d696e2f64617368626f617264223b733a343a22686f7374223b733a303a22223b733a383a2264656661756c7473223b613a323a7b733a31313a225f636f6e74726f6c6c6572223b733a35373a225c44727570616c5c796f726b5f6d6973635c436f6e74726f6c6c65725c44617368626f617264436f6e74726f6c6c65723a3a636f6e74656e74223b733a363a225f7469746c65223b733a393a2244617368626f617264223b7d733a31323a22726571756972656d656e7473223b613a313a7b733a31313a225f7065726d697373696f6e223b733a32383a22736974655f73657474696e6720666f726d5f7065726d697373696f6e223b7d733a373a226f7074696f6e73223b613a343a7b733a31343a22636f6d70696c65725f636c617373223b733a33333a2244727570616c5c436f72655c526f7574696e675c526f757465436f6d70696c6572223b733a343a2275746638223b623a313b733a31323a225f61646d696e5f726f757465223b623a313b733a31343a225f6163636573735f636865636b73223b613a313a7b693a303b733a32333a226163636573735f636865636b2e7065726d697373696f6e223b7d7d733a373a22736368656d6573223b613a303a7b7d733a373a226d6574686f6473223b613a323a7b693a303b733a333a22474554223b693a313b733a343a22504f5354223b7d733a393a22636f6e646974696f6e223b733a303a22223b733a383a22636f6d70696c6564223b4f3a33333a2244727570616c5c436f72655c526f7574696e675c436f6d70696c6564526f757465223a31313a7b733a343a2276617273223b613a303a7b7d733a31313a22706174685f707265666978223b733a303a22223b733a31303a22706174685f7265676578223b733a32333a227b5e2f61646d696e2f64617368626f617264247d734475223b733a31313a22706174685f746f6b656e73223b613a313a7b693a303b613a323a7b693a303b733a343a2274657874223b693a313b733a31363a222f61646d696e2f64617368626f617264223b7d7d733a393a22706174685f76617273223b613a303a7b7d733a31303a22686f73745f7265676578223b4e3b733a31313a22686f73745f746f6b656e73223b613a303a7b7d733a393a22686f73745f76617273223b613a303a7b7d733a333a22666974223b693a333b733a31343a227061747465726e4f75746c696e65223b733a31363a222f61646d696e2f64617368626f617264223b733a383a226e756d5061727473223b693a323b7d7d, 2),
('york_misc.media_list', '/admin/media-list', '/admin/media-list', 3, 0x4f3a33313a2253796d666f6e795c436f6d706f6e656e745c526f7574696e675c526f757465223a393a7b733a343a2270617468223b733a31373a222f61646d696e2f6d656469612d6c697374223b733a343a22686f7374223b733a303a22223b733a383a2264656661756c7473223b613a323a7b733a31313a225f636f6e74726f6c6c6572223b733a35373a225c44727570616c5c796f726b5f6d6973635c436f6e74726f6c6c65725c4d656469614c697374436f6e74726f6c6c65723a3a636f6e74656e74223b733a363a225f7469746c65223b733a31393a22595244534220496d616765204c696272617279223b7d733a31323a22726571756972656d656e7473223b613a313a7b733a31313a225f7065726d697373696f6e223b733a32383a22736974655f73657474696e6720666f726d5f7065726d697373696f6e223b7d733a373a226f7074696f6e73223b613a343a7b733a31343a22636f6d70696c65725f636c617373223b733a33333a2244727570616c5c436f72655c526f7574696e675c526f757465436f6d70696c6572223b733a343a2275746638223b623a313b733a31323a225f61646d696e5f726f757465223b623a313b733a31343a225f6163636573735f636865636b73223b613a313a7b693a303b733a32333a226163636573735f636865636b2e7065726d697373696f6e223b7d7d733a373a22736368656d6573223b613a303a7b7d733a373a226d6574686f6473223b613a323a7b693a303b733a333a22474554223b693a313b733a343a22504f5354223b7d733a393a22636f6e646974696f6e223b733a303a22223b733a383a22636f6d70696c6564223b4f3a33333a2244727570616c5c436f72655c526f7574696e675c436f6d70696c6564526f757465223a31313a7b733a343a2276617273223b613a303a7b7d733a31313a22706174685f707265666978223b733a303a22223b733a31303a22706174685f7265676578223b733a32353a227b5e2f61646d696e2f6d656469615c2d6c697374247d734475223b733a31313a22706174685f746f6b656e73223b613a313a7b693a303b613a323a7b693a303b733a343a2274657874223b693a313b733a31373a222f61646d696e2f6d656469612d6c697374223b7d7d733a393a22706174685f76617273223b613a303a7b7d733a31303a22686f73745f7265676578223b4e3b733a31313a22686f73745f746f6b656e73223b613a303a7b7d733a393a22686f73745f76617273223b613a303a7b7d733a333a22666974223b693a333b733a31343a227061747465726e4f75746c696e65223b733a31373a222f61646d696e2f6d656469612d6c697374223b733a383a226e756d5061727473223b693a323b7d7d, 2),
('york_misc.media_list_form', '/admin/media-list-form', '/admin/media-list-form', 3, 0x4f3a33313a2253796d666f6e795c436f6d706f6e656e745c526f7574696e675c526f757465223a393a7b733a343a2270617468223b733a32323a222f61646d696e2f6d656469612d6c6973742d666f726d223b733a343a22686f7374223b733a303a22223b733a383a2264656661756c7473223b613a323a7b733a353a225f666f726d223b733a33363a225c44727570616c5c796f726b5f6d6973635c466f726d5c4d656469614c697374466f726d223b733a363a225f7469746c65223b733a32343a22595244534220496d616765204c69627261727920466f726d223b7d733a31323a22726571756972656d656e7473223b613a313a7b733a373a225f616363657373223b733a343a2254525545223b7d733a373a226f7074696f6e73223b613a343a7b733a31343a22636f6d70696c65725f636c617373223b733a33333a2244727570616c5c436f72655c526f7574696e675c526f757465436f6d70696c6572223b733a343a2275746638223b623a313b733a31323a225f61646d696e5f726f757465223b623a313b733a31343a225f6163636573735f636865636b73223b613a313a7b693a303b733a32303a226163636573735f636865636b2e64656661756c74223b7d7d733a373a22736368656d6573223b613a303a7b7d733a373a226d6574686f6473223b613a323a7b693a303b733a333a22474554223b693a313b733a343a22504f5354223b7d733a393a22636f6e646974696f6e223b733a303a22223b733a383a22636f6d70696c6564223b4f3a33333a2244727570616c5c436f72655c526f7574696e675c436f6d70696c6564526f757465223a31313a7b733a343a2276617273223b613a303a7b7d733a31313a22706174685f707265666978223b733a303a22223b733a31303a22706174685f7265676578223b733a33313a227b5e2f61646d696e2f6d656469615c2d6c6973745c2d666f726d247d734475223b733a31313a22706174685f746f6b656e73223b613a313a7b693a303b613a323a7b693a303b733a343a2274657874223b693a313b733a32323a222f61646d696e2f6d656469612d6c6973742d666f726d223b7d7d733a393a22706174685f76617273223b613a303a7b7d733a31303a22686f73745f7265676578223b4e3b733a31313a22686f73745f746f6b656e73223b613a303a7b7d733a393a22686f73745f76617273223b613a303a7b7d733a333a22666974223b693a333b733a31343a227061747465726e4f75746c696e65223b733a32323a222f61646d696e2f6d656469612d6c6973742d666f726d223b733a383a226e756d5061727473223b693a323b7d7d, 2),
('york_misc.news', '/news', '/news', 1, 0x4f3a33313a2253796d666f6e795c436f6d706f6e656e745c526f7574696e675c526f757465223a393a7b733a343a2270617468223b733a353a222f6e657773223b733a343a22686f7374223b733a303a22223b733a383a2264656661756c7473223b613a323a7b733a31313a225f636f6e74726f6c6c6572223b733a35323a225c44727570616c5c796f726b5f6d6973635c436f6e74726f6c6c65725c4e657773436f6e74726f6c6c65723a3a636f6e74656e74223b733a363a225f7469746c65223b733a31313a225363686f6f6c204e657773223b7d733a31323a22726571756972656d656e7473223b613a313a7b733a31313a225f7065726d697373696f6e223b733a31343a2261636365737320636f6e74656e74223b7d733a373a226f7074696f6e73223b613a333a7b733a31343a22636f6d70696c65725f636c617373223b733a33333a2244727570616c5c436f72655c526f7574696e675c526f757465436f6d70696c6572223b733a343a2275746638223b623a313b733a31343a225f6163636573735f636865636b73223b613a313a7b693a303b733a32333a226163636573735f636865636b2e7065726d697373696f6e223b7d7d733a373a22736368656d6573223b613a303a7b7d733a373a226d6574686f6473223b613a323a7b693a303b733a333a22474554223b693a313b733a343a22504f5354223b7d733a393a22636f6e646974696f6e223b733a303a22223b733a383a22636f6d70696c6564223b4f3a33333a2244727570616c5c436f72655c526f7574696e675c436f6d70696c6564526f757465223a31313a7b733a343a2276617273223b613a303a7b7d733a31313a22706174685f707265666978223b733a303a22223b733a31303a22706174685f7265676578223b733a31323a227b5e2f6e657773247d734475223b733a31313a22706174685f746f6b656e73223b613a313a7b693a303b613a323a7b693a303b733a343a2274657874223b693a313b733a353a222f6e657773223b7d7d733a393a22706174685f76617273223b613a303a7b7d733a31303a22686f73745f7265676578223b4e3b733a31313a22686f73745f746f6b656e73223b613a303a7b7d733a393a22686f73745f76617273223b613a303a7b7d733a333a22666974223b693a313b733a31343a227061747465726e4f75746c696e65223b733a353a222f6e657773223b733a383a226e756d5061727473223b693a313b7d7d, 1),
('york_misc.search_result', '/search-result', '/search-result', 1, 0x4f3a33313a2253796d666f6e795c436f6d706f6e656e745c526f7574696e675c526f757465223a393a7b733a343a2270617468223b733a31343a222f7365617263682d726573756c74223b733a343a22686f7374223b733a303a22223b733a383a2264656661756c7473223b613a323a7b733a31313a225f636f6e74726f6c6c6572223b733a35303a225c44727570616c5c796f726b5f6d6973635c436f6e74726f6c6c65725c536561726368526573756c743a3a636f6e74656e74223b733a363a225f7469746c65223b733a31333a2253656172636820526573756c74223b7d733a31323a22726571756972656d656e7473223b613a313a7b733a31313a225f7065726d697373696f6e223b733a31343a2261636365737320636f6e74656e74223b7d733a373a226f7074696f6e73223b613a333a7b733a31343a22636f6d70696c65725f636c617373223b733a33333a2244727570616c5c436f72655c526f7574696e675c526f757465436f6d70696c6572223b733a343a2275746638223b623a313b733a31343a225f6163636573735f636865636b73223b613a313a7b693a303b733a32333a226163636573735f636865636b2e7065726d697373696f6e223b7d7d733a373a22736368656d6573223b613a303a7b7d733a373a226d6574686f6473223b613a323a7b693a303b733a333a22474554223b693a313b733a343a22504f5354223b7d733a393a22636f6e646974696f6e223b733a303a22223b733a383a22636f6d70696c6564223b4f3a33333a2244727570616c5c436f72655c526f7574696e675c436f6d70696c6564526f757465223a31313a7b733a343a2276617273223b613a303a7b7d733a31313a22706174685f707265666978223b733a303a22223b733a31303a22706174685f7265676578223b733a32323a227b5e2f7365617263685c2d726573756c74247d734475223b733a31313a22706174685f746f6b656e73223b613a313a7b693a303b613a323a7b693a303b733a343a2274657874223b693a313b733a31343a222f7365617263682d726573756c74223b7d7d733a393a22706174685f76617273223b613a303a7b7d733a31303a22686f73745f7265676578223b4e3b733a31313a22686f73745f746f6b656e73223b613a303a7b7d733a393a22686f73745f76617273223b613a303a7b7d733a333a22666974223b693a313b733a31343a227061747465726e4f75746c696e65223b733a31343a222f7365617263682d726573756c74223b733a383a226e756d5061727473223b693a313b7d7d, 1),
('york_misc.select_image', '/select-image', '/select-image', 1, 0x4f3a33313a2253796d666f6e795c436f6d706f6e656e745c526f7574696e675c526f757465223a393a7b733a343a2270617468223b733a31333a222f73656c6563742d696d616765223b733a343a22686f7374223b733a303a22223b733a383a2264656661756c7473223b613a323a7b733a31313a225f636f6e74726f6c6c6572223b733a36323a225c44727570616c5c796f726b5f6d6973635c436f6e74726f6c6c65725c4d656469614c697374436f6e74726f6c6c65723a3a73656c6563745f696d616765223b733a363a225f7469746c65223b733a31323a2253656c65637420496d616765223b7d733a31323a22726571756972656d656e7473223b613a313a7b733a31313a225f7065726d697373696f6e223b733a32383a22736974655f73657474696e6720666f726d5f7065726d697373696f6e223b7d733a373a226f7074696f6e73223b613a333a7b733a31343a22636f6d70696c65725f636c617373223b733a33333a2244727570616c5c436f72655c526f7574696e675c526f757465436f6d70696c6572223b733a343a2275746638223b623a313b733a31343a225f6163636573735f636865636b73223b613a313a7b693a303b733a32333a226163636573735f636865636b2e7065726d697373696f6e223b7d7d733a373a22736368656d6573223b613a303a7b7d733a373a226d6574686f6473223b613a323a7b693a303b733a333a22474554223b693a313b733a343a22504f5354223b7d733a393a22636f6e646974696f6e223b733a303a22223b733a383a22636f6d70696c6564223b4f3a33333a2244727570616c5c436f72655c526f7574696e675c436f6d70696c6564526f757465223a31313a7b733a343a2276617273223b613a303a7b7d733a31313a22706174685f707265666978223b733a303a22223b733a31303a22706174685f7265676578223b733a32313a227b5e2f73656c6563745c2d696d616765247d734475223b733a31313a22706174685f746f6b656e73223b613a313a7b693a303b613a323a7b693a303b733a343a2274657874223b693a313b733a31333a222f73656c6563742d696d616765223b7d7d733a393a22706174685f76617273223b613a303a7b7d733a31303a22686f73745f7265676578223b4e3b733a31313a22686f73745f746f6b656e73223b613a303a7b7d733a393a22686f73745f76617273223b613a303a7b7d733a333a22666974223b693a313b733a31343a227061747465726e4f75746c696e65223b733a31333a222f73656c6563742d696d616765223b733a383a226e756d5061727473223b693a313b7d7d, 1),
('york_misc.settings', '/admin/home-page', '/admin/home-page', 3, 0x4f3a33313a2253796d666f6e795c436f6d706f6e656e745c526f7574696e675c526f757465223a393a7b733a343a2270617468223b733a31363a222f61646d696e2f686f6d652d70616765223b733a343a22686f7374223b733a303a22223b733a383a2264656661756c7473223b613a323a7b733a353a225f666f726d223b733a34343a225c44727570616c5c796f726b5f6d6973635c466f726d5c53697465436f6e66696775726174696f6e466f726d223b733a363a225f7469746c65223b733a31333a22536974652073657474696e6773223b7d733a31323a22726571756972656d656e7473223b613a313a7b733a31313a225f7065726d697373696f6e223b733a32383a22736974655f73657474696e6720666f726d5f7065726d697373696f6e223b7d733a373a226f7074696f6e73223b613a343a7b733a31343a22636f6d70696c65725f636c617373223b733a33333a2244727570616c5c436f72655c526f7574696e675c526f757465436f6d70696c6572223b733a343a2275746638223b623a313b733a31323a225f61646d696e5f726f757465223b623a313b733a31343a225f6163636573735f636865636b73223b613a313a7b693a303b733a32333a226163636573735f636865636b2e7065726d697373696f6e223b7d7d733a373a22736368656d6573223b613a303a7b7d733a373a226d6574686f6473223b613a323a7b693a303b733a333a22474554223b693a313b733a343a22504f5354223b7d733a393a22636f6e646974696f6e223b733a303a22223b733a383a22636f6d70696c6564223b4f3a33333a2244727570616c5c436f72655c526f7574696e675c436f6d70696c6564526f757465223a31313a7b733a343a2276617273223b613a303a7b7d733a31313a22706174685f707265666978223b733a303a22223b733a31303a22706174685f7265676578223b733a32343a227b5e2f61646d696e2f686f6d655c2d70616765247d734475223b733a31313a22706174685f746f6b656e73223b613a313a7b693a303b613a323a7b693a303b733a343a2274657874223b693a313b733a31363a222f61646d696e2f686f6d652d70616765223b7d7d733a393a22706174685f76617273223b613a303a7b7d733a31303a22686f73745f7265676578223b4e3b733a31313a22686f73745f746f6b656e73223b613a303a7b7d733a393a22686f73745f76617273223b613a303a7b7d733a333a22666974223b693a333b733a31343a227061747465726e4f75746c696e65223b733a31363a222f61646d696e2f686f6d652d70616765223b733a383a226e756d5061727473223b693a323b7d7d, 2),
('yrdsb_workflows.calendar', '/calendar-data', '/calendar-data', 1, 0x4f3a33313a2253796d666f6e795c436f6d706f6e656e745c526f7574696e675c526f757465223a393a7b733a343a2270617468223b733a31343a222f63616c656e6461722d64617461223b733a343a22686f7374223b733a303a22223b733a383a2264656661756c7473223b613a323a7b733a31313a225f636f6e74726f6c6c6572223b733a35353a225c44727570616c5c79726473625f776f726b666c6f775c436f6e74726f6c6c65725c43616c656e646172446174613a3a636f6e74656e74223b733a363a225f7469746c65223b733a343a2244617461223b7d733a31323a22726571756972656d656e7473223b613a313a7b733a31313a225f7065726d697373696f6e223b733a31343a2261636365737320636f6e74656e74223b7d733a373a226f7074696f6e73223b613a333a7b733a31343a22636f6d70696c65725f636c617373223b733a33333a2244727570616c5c436f72655c526f7574696e675c526f757465436f6d70696c6572223b733a343a2275746638223b623a313b733a31343a225f6163636573735f636865636b73223b613a313a7b693a303b733a32333a226163636573735f636865636b2e7065726d697373696f6e223b7d7d733a373a22736368656d6573223b613a303a7b7d733a373a226d6574686f6473223b613a323a7b693a303b733a333a22474554223b693a313b733a343a22504f5354223b7d733a393a22636f6e646974696f6e223b733a303a22223b733a383a22636f6d70696c6564223b4f3a33333a2244727570616c5c436f72655c526f7574696e675c436f6d70696c6564526f757465223a31313a7b733a343a2276617273223b613a303a7b7d733a31313a22706174685f707265666978223b733a303a22223b733a31303a22706174685f7265676578223b733a32323a227b5e2f63616c656e6461725c2d64617461247d734475223b733a31313a22706174685f746f6b656e73223b613a313a7b693a303b613a323a7b693a303b733a343a2274657874223b693a313b733a31343a222f63616c656e6461722d64617461223b7d7d733a393a22706174685f76617273223b613a303a7b7d733a31303a22686f73745f7265676578223b4e3b733a31313a22686f73745f746f6b656e73223b613a303a7b7d733a393a22686f73745f76617273223b613a303a7b7d733a333a22666974223b693a313b733a31343a227061747465726e4f75746c696e65223b733a31343a222f63616c656e6461722d64617461223b733a383a226e756d5061727473223b693a313b7d7d, 1),
('yrdsb_workflows.calendar-subscribe', '/calendar-subscribe', '/calendar-subscribe', 1, 0x4f3a33313a2253796d666f6e795c436f6d706f6e656e745c526f7574696e675c526f757465223a393a7b733a343a2270617468223b733a31393a222f63616c656e6461722d737562736372696265223b733a343a22686f7374223b733a303a22223b733a383a2264656661756c7473223b613a323a7b733a31313a225f636f6e74726f6c6c6572223b733a36303a225c44727570616c5c79726473625f776f726b666c6f775c436f6e74726f6c6c65725c43616c656e6461725375627363726962653a3a636f6e74656e74223b733a363a225f7469746c65223b733a31383a225375627363726962652043616c656e646172223b7d733a31323a22726571756972656d656e7473223b613a313a7b733a31313a225f7065726d697373696f6e223b733a31343a2261636365737320636f6e74656e74223b7d733a373a226f7074696f6e73223b613a333a7b733a31343a22636f6d70696c65725f636c617373223b733a33333a2244727570616c5c436f72655c526f7574696e675c526f757465436f6d70696c6572223b733a343a2275746638223b623a313b733a31343a225f6163636573735f636865636b73223b613a313a7b693a303b733a32333a226163636573735f636865636b2e7065726d697373696f6e223b7d7d733a373a22736368656d6573223b613a303a7b7d733a373a226d6574686f6473223b613a323a7b693a303b733a333a22474554223b693a313b733a343a22504f5354223b7d733a393a22636f6e646974696f6e223b733a303a22223b733a383a22636f6d70696c6564223b4f3a33333a2244727570616c5c436f72655c526f7574696e675c436f6d70696c6564526f757465223a31313a7b733a343a2276617273223b613a303a7b7d733a31313a22706174685f707265666978223b733a303a22223b733a31303a22706174685f7265676578223b733a32373a227b5e2f63616c656e6461725c2d737562736372696265247d734475223b733a31313a22706174685f746f6b656e73223b613a313a7b693a303b613a323a7b693a303b733a343a2274657874223b693a313b733a31393a222f63616c656e6461722d737562736372696265223b7d7d733a393a22706174685f76617273223b613a303a7b7d733a31303a22686f73745f7265676578223b4e3b733a31313a22686f73745f746f6b656e73223b613a303a7b7d733a393a22686f73745f76617273223b613a303a7b7d733a333a22666974223b693a313b733a31343a227061747465726e4f75746c696e65223b733a31393a222f63616c656e6461722d737562736372696265223b733a383a226e756d5061727473223b693a313b7d7d, 1),
('yrdsb_workflows.calendar_page', '/calendar', '/calendar', 1, 0x4f3a33313a2253796d666f6e795c436f6d706f6e656e745c526f7574696e675c526f757465223a393a7b733a343a2270617468223b733a393a222f63616c656e646172223b733a343a22686f7374223b733a303a22223b733a383a2264656661756c7473223b613a323a7b733a31313a225f636f6e74726f6c6c6572223b733a35313a225c44727570616c5c79726473625f776f726b666c6f775c436f6e74726f6c6c65725c43616c656e6461723a3a636f6e74656e74223b733a363a225f7469746c65223b733a383a2243616c656e646172223b7d733a31323a22726571756972656d656e7473223b613a313a7b733a31313a225f7065726d697373696f6e223b733a31343a2261636365737320636f6e74656e74223b7d733a373a226f7074696f6e73223b613a333a7b733a31343a22636f6d70696c65725f636c617373223b733a33333a2244727570616c5c436f72655c526f7574696e675c526f757465436f6d70696c6572223b733a343a2275746638223b623a313b733a31343a225f6163636573735f636865636b73223b613a313a7b693a303b733a32333a226163636573735f636865636b2e7065726d697373696f6e223b7d7d733a373a22736368656d6573223b613a303a7b7d733a373a226d6574686f6473223b613a323a7b693a303b733a333a22474554223b693a313b733a343a22504f5354223b7d733a393a22636f6e646974696f6e223b733a303a22223b733a383a22636f6d70696c6564223b4f3a33333a2244727570616c5c436f72655c526f7574696e675c436f6d70696c6564526f757465223a31313a7b733a343a2276617273223b613a303a7b7d733a31313a22706174685f707265666978223b733a303a22223b733a31303a22706174685f7265676578223b733a31363a227b5e2f63616c656e646172247d734475223b733a31313a22706174685f746f6b656e73223b613a313a7b693a303b613a323a7b693a303b733a343a2274657874223b693a313b733a393a222f63616c656e646172223b7d7d733a393a22706174685f76617273223b613a303a7b7d733a31303a22686f73745f7265676578223b4e3b733a31313a22686f73745f746f6b656e73223b613a303a7b7d733a393a22686f73745f76617273223b613a303a7b7d733a333a22666974223b693a313b733a31343a227061747465726e4f75746c696e65223b733a393a222f63616c656e646172223b733a383a226e756d5061727473223b693a313b7d7d, 1),
('yrdsb_workflows.delete_calendar', '/delete-calendar', '/delete-calendar', 1, 0x4f3a33313a2253796d666f6e795c436f6d706f6e656e745c526f7574696e675c526f757465223a393a7b733a343a2270617468223b733a31363a222f64656c6574652d63616c656e646172223b733a343a22686f7374223b733a303a22223b733a383a2264656661756c7473223b613a323a7b733a353a225f666f726d223b733a34363a225c44727570616c5c79726473625f776f726b666c6f775c466f726d5c44656c65746543616c656e646172466f726d223b733a363a225f7469746c65223b733a31353a2244656c6574652043616c656e646172223b7d733a31323a22726571756972656d656e7473223b613a313a7b733a31313a225f7065726d697373696f6e223b733a32383a22736974655f73657474696e6720666f726d5f7065726d697373696f6e223b7d733a373a226f7074696f6e73223b613a333a7b733a31343a22636f6d70696c65725f636c617373223b733a33333a2244727570616c5c436f72655c526f7574696e675c526f757465436f6d70696c6572223b733a343a2275746638223b623a313b733a31343a225f6163636573735f636865636b73223b613a313a7b693a303b733a32333a226163636573735f636865636b2e7065726d697373696f6e223b7d7d733a373a22736368656d6573223b613a303a7b7d733a373a226d6574686f6473223b613a323a7b693a303b733a333a22474554223b693a313b733a343a22504f5354223b7d733a393a22636f6e646974696f6e223b733a303a22223b733a383a22636f6d70696c6564223b4f3a33333a2244727570616c5c436f72655c526f7574696e675c436f6d70696c6564526f757465223a31313a7b733a343a2276617273223b613a303a7b7d733a31313a22706174685f707265666978223b733a303a22223b733a31303a22706174685f7265676578223b733a32343a227b5e2f64656c6574655c2d63616c656e646172247d734475223b733a31313a22706174685f746f6b656e73223b613a313a7b693a303b613a323a7b693a303b733a343a2274657874223b693a313b733a31363a222f64656c6574652d63616c656e646172223b7d7d733a393a22706174685f76617273223b613a303a7b7d733a31303a22686f73745f7265676578223b4e3b733a31313a22686f73745f746f6b656e73223b613a303a7b7d733a393a22686f73745f76617273223b613a303a7b7d733a333a22666974223b693a313b733a31343a227061747465726e4f75746c696e65223b733a31363a222f64656c6574652d63616c656e646172223b733a383a226e756d5061727473223b693a313b7d7d, 1),
('yrdsb_workflows.delete_form', '/delete-event', '/delete-event', 1, 0x4f3a33313a2253796d666f6e795c436f6d706f6e656e745c526f7574696e675c526f757465223a393a7b733a343a2270617468223b733a31333a222f64656c6574652d6576656e74223b733a343a22686f7374223b733a303a22223b733a383a2264656661756c7473223b613a323a7b733a353a225f666f726d223b733a34343a225c44727570616c5c79726473625f776f726b666c6f775c466f726d5c44656c6574654576656e7473466f726d223b733a363a225f7469746c65223b733a31313a2244656c65746520466f726d223b7d733a31323a22726571756972656d656e7473223b613a313a7b733a31313a225f7065726d697373696f6e223b733a32383a22736974655f73657474696e6720666f726d5f7065726d697373696f6e223b7d733a373a226f7074696f6e73223b613a333a7b733a31343a22636f6d70696c65725f636c617373223b733a33333a2244727570616c5c436f72655c526f7574696e675c526f757465436f6d70696c6572223b733a343a2275746638223b623a313b733a31343a225f6163636573735f636865636b73223b613a313a7b693a303b733a32333a226163636573735f636865636b2e7065726d697373696f6e223b7d7d733a373a22736368656d6573223b613a303a7b7d733a373a226d6574686f6473223b613a323a7b693a303b733a333a22474554223b693a313b733a343a22504f5354223b7d733a393a22636f6e646974696f6e223b733a303a22223b733a383a22636f6d70696c6564223b4f3a33333a2244727570616c5c436f72655c526f7574696e675c436f6d70696c6564526f757465223a31313a7b733a343a2276617273223b613a303a7b7d733a31313a22706174685f707265666978223b733a303a22223b733a31303a22706174685f7265676578223b733a32313a227b5e2f64656c6574655c2d6576656e74247d734475223b733a31313a22706174685f746f6b656e73223b613a313a7b693a303b613a323a7b693a303b733a343a2274657874223b693a313b733a31333a222f64656c6574652d6576656e74223b7d7d733a393a22706174685f76617273223b613a303a7b7d733a31303a22686f73745f7265676578223b4e3b733a31313a22686f73745f746f6b656e73223b613a303a7b7d733a393a22686f73745f76617273223b613a303a7b7d733a333a22666974223b693a313b733a31343a227061747465726e4f75746c696e65223b733a31333a222f64656c6574652d6576656e74223b733a383a226e756d5061727473223b693a313b7d7d, 1),
('yrdsb_workflows.settings', '/admin/config/yrdsb/site', '/admin/config/yrdsb/site', 15, 0x4f3a33313a2253796d666f6e795c436f6d706f6e656e745c526f7574696e675c526f757465223a393a7b733a343a2270617468223b733a32343a222f61646d696e2f636f6e6669672f79726473622f73697465223b733a343a22686f7374223b733a303a22223b733a383a2264656661756c7473223b613a323a7b733a353a225f666f726d223b733a34393a225c44727570616c5c79726473625f776f726b666c6f775c466f726d5c53697465436f6e66696775726174696f6e466f726d223b733a363a225f7469746c65223b733a31333a22536974652073657474696e6773223b7d733a31323a22726571756972656d656e7473223b613a313a7b733a31313a225f7065726d697373696f6e223b733a32383a22736974655f73657474696e6720666f726d5f7065726d697373696f6e223b7d733a373a226f7074696f6e73223b613a343a7b733a31343a22636f6d70696c65725f636c617373223b733a33333a2244727570616c5c436f72655c526f7574696e675c526f757465436f6d70696c6572223b733a31323a225f61646d696e5f726f757465223b623a313b733a343a2275746638223b623a313b733a31343a225f6163636573735f636865636b73223b613a313a7b693a303b733a32333a226163636573735f636865636b2e7065726d697373696f6e223b7d7d733a373a22736368656d6573223b613a303a7b7d733a373a226d6574686f6473223b613a323a7b693a303b733a333a22474554223b693a313b733a343a22504f5354223b7d733a393a22636f6e646974696f6e223b733a303a22223b733a383a22636f6d70696c6564223b4f3a33333a2244727570616c5c436f72655c526f7574696e675c436f6d70696c6564526f757465223a31313a7b733a343a2276617273223b613a303a7b7d733a31313a22706174685f707265666978223b733a303a22223b733a31303a22706174685f7265676578223b733a33313a227b5e2f61646d696e2f636f6e6669672f79726473622f73697465247d734475223b733a31313a22706174685f746f6b656e73223b613a313a7b693a303b613a323a7b693a303b733a343a2274657874223b693a313b733a32343a222f61646d696e2f636f6e6669672f79726473622f73697465223b7d7d733a393a22706174685f76617273223b613a303a7b7d733a31303a22686f73745f7265676578223b4e3b733a31313a22686f73745f746f6b656e73223b613a303a7b7d733a393a22686f73745f76617273223b613a303a7b7d733a333a22666974223b693a31353b733a31343a227061747465726e4f75746c696e65223b733a32343a222f61646d696e2f636f6e6669672f79726473622f73697465223b733a383a226e756d5061727473223b693a343b7d7d, 4);

-- --------------------------------------------------------

--
-- Table structure for table `search_api_db_db_search`
--

CREATE TABLE `search_api_db_db_search` (
  `item_id` varchar(150) NOT NULL COMMENT 'The primary identifier of the item',
  `body` varchar(30) DEFAULT NULL COMMENT 'The field''s value for this item',
  `field_content` bigint DEFAULT NULL COMMENT 'The field''s value for this item',
  `field_description` varchar(30) DEFAULT NULL COMMENT 'The field''s value for this item',
  `field_description_1` varchar(255) DEFAULT NULL COMMENT 'The field''s value for this item',
  `field_description_tab_content` varchar(30) DEFAULT NULL COMMENT 'The field''s value for this item',
  `field_field_description_cob` varchar(255) DEFAULT NULL COMMENT 'The field''s value for this item',
  `field_first_column_` bigint DEFAULT NULL COMMENT 'The field''s value for this item',
  `field_second_column_` bigint DEFAULT NULL COMMENT 'The field''s value for this item',
  `field_textarea` varchar(30) DEFAULT NULL COMMENT 'The field''s value for this item',
  `field_textarea_1` varchar(30) DEFAULT NULL COMMENT 'The field''s value for this item',
  `field_third_column` varchar(30) DEFAULT NULL COMMENT 'The field''s value for this item',
  `field_three_column_heading` varchar(30) DEFAULT NULL COMMENT 'The field''s value for this item',
  `field_title` varchar(30) DEFAULT NULL COMMENT 'The field''s value for this item',
  `field_title_1` varchar(30) DEFAULT NULL COMMENT 'The field''s value for this item',
  `field_title_accordion_item` varchar(30) DEFAULT NULL COMMENT 'The field''s value for this item',
  `field_two_column_heading` varchar(255) DEFAULT NULL COMMENT 'The field''s value for this item',
  `field_two_columns_wysiwyg` varchar(30) DEFAULT NULL COMMENT 'The field''s value for this item',
  `field_wysiwyg` varchar(30) DEFAULT NULL COMMENT 'The field''s value for this item',
  `status` tinyint DEFAULT NULL COMMENT 'The field''s value for this item',
  `title` varchar(30) DEFAULT NULL COMMENT 'The field''s value for this item',
  `type` varchar(255) DEFAULT NULL COMMENT 'The field''s value for this item',
  `search_api_datasource` varchar(255) DEFAULT NULL COMMENT 'The field''s value for this item',
  `search_api_language` varchar(255) DEFAULT NULL COMMENT 'The field''s value for this item'
) ENGINE=InnoDB DEFAULT CHARSET=utf8mb3;

--
-- Dumping data for table `search_api_db_db_search`
--

INSERT INTO `search_api_db_db_search` (`item_id`, `body`, `field_content`, `field_description`, `field_description_1`, `field_description_tab_content`, `field_field_description_cob`, `field_first_column_`, `field_second_column_`, `field_textarea`, `field_textarea_1`, `field_third_column`, `field_three_column_heading`, `field_title`, `field_title_1`, `field_title_accordion_item`, `field_two_column_heading`, `field_two_columns_wysiwyg`, `field_wysiwyg`, `status`, `title`, `type`, `search_api_datasource`, `search_api_language`) VALUES
('entity:node/10:en', NULL, NULL, NULL, NULL, NULL, NULL, NULL, NULL, NULL, NULL, NULL, NULL, NULL, NULL, NULL, NULL, NULL, NULL, 1, 'Student Support', 'page', 'entity:node', 'en'),
('entity:node/11:en', NULL, NULL, NULL, NULL, NULL, NULL, NULL, NULL, NULL, NULL, NULL, NULL, NULL, NULL, NULL, NULL, NULL, NULL, 1, 'Before and After School Childc', 'page', 'entity:node', 'en'),
('entity:node/12:en', NULL, NULL, NULL, NULL, NULL, NULL, NULL, NULL, NULL, NULL, NULL, NULL, NULL, NULL, NULL, NULL, NULL, NULL, 1, 'School Improvement Plan', 'page', 'entity:node', 'en'),
('entity:node/13:en', NULL, 2, NULL, NULL, NULL, NULL, NULL, NULL, NULL, NULL, NULL, NULL, NULL, NULL, NULL, NULL, NULL, 'h2 strong Welcome to Library C', 1, 'Library', 'page', 'entity:node', 'en'),
('entity:node/14:en', NULL, 6, NULL, NULL, NULL, NULL, NULL, NULL, NULL, NULL, NULL, NULL, NULL, NULL, NULL, NULL, NULL, 'p Education is a partnership s', 1, 'School Council', 'page', 'entity:node', 'en'),
('entity:node/1:en', NULL, NULL, NULL, NULL, NULL, NULL, NULL, NULL, NULL, NULL, NULL, NULL, NULL, NULL, NULL, NULL, NULL, NULL, 1, 'Home', 'page', 'entity:node', 'en'),
('entity:node/2:en', NULL, NULL, NULL, NULL, NULL, NULL, NULL, NULL, NULL, NULL, NULL, NULL, NULL, NULL, NULL, NULL, NULL, NULL, 1, 'About YRDSB', 'page', 'entity:node', 'en'),
('entity:node/3:en', NULL, NULL, NULL, NULL, NULL, NULL, NULL, NULL, NULL, NULL, NULL, NULL, NULL, NULL, NULL, NULL, NULL, NULL, 1, 'Our School', 'our_school', 'entity:node', 'en'),
('entity:node/4:en', NULL, NULL, NULL, NULL, NULL, NULL, NULL, NULL, NULL, NULL, NULL, NULL, NULL, NULL, NULL, NULL, NULL, NULL, 1, 'Timetable', 'page', 'entity:node', 'en'),
('entity:node/5:en', NULL, NULL, NULL, NULL, NULL, NULL, NULL, NULL, NULL, NULL, NULL, NULL, NULL, NULL, NULL, NULL, NULL, NULL, 1, 'Message from Our Trustee', 'page', 'entity:node', 'en'),
('entity:node/6:en', NULL, NULL, NULL, NULL, NULL, NULL, NULL, NULL, NULL, NULL, NULL, NULL, NULL, NULL, NULL, NULL, NULL, NULL, 1, 'Principal s Message', 'page', 'entity:node', 'en'),
('entity:node/7:en', NULL, NULL, NULL, NULL, NULL, NULL, NULL, NULL, NULL, NULL, NULL, NULL, NULL, NULL, NULL, NULL, NULL, NULL, 1, 'Our Staff', 'page', 'entity:node', 'en'),
('entity:node/9:en', NULL, NULL, NULL, NULL, NULL, NULL, NULL, NULL, NULL, NULL, NULL, NULL, NULL, NULL, NULL, NULL, NULL, NULL, 1, 'Elementary School in YRDSB', 'page', 'entity:node', 'en'),
('entity:paragraph/1:en', NULL, NULL, NULL, NULL, NULL, NULL, NULL, NULL, NULL, NULL, NULL, NULL, NULL, NULL, NULL, NULL, NULL, NULL, NULL, NULL, NULL, 'entity:paragraph', 'en'),
('entity:paragraph/2:en', NULL, NULL, NULL, NULL, NULL, NULL, NULL, NULL, NULL, NULL, NULL, NULL, NULL, NULL, NULL, NULL, NULL, NULL, NULL, NULL, NULL, 'entity:paragraph', 'en'),
('entity:paragraph/3:en', NULL, NULL, NULL, NULL, NULL, NULL, NULL, NULL, NULL, NULL, NULL, NULL, NULL, NULL, NULL, NULL, NULL, NULL, NULL, NULL, NULL, 'entity:paragraph', 'en'),
('entity:paragraph/4:en', NULL, NULL, NULL, NULL, NULL, NULL, NULL, NULL, NULL, NULL, NULL, NULL, NULL, NULL, NULL, NULL, NULL, NULL, NULL, NULL, NULL, 'entity:paragraph', 'en'),
('entity:paragraph/5:en', NULL, NULL, NULL, NULL, NULL, NULL, NULL, NULL, NULL, NULL, NULL, NULL, NULL, NULL, NULL, NULL, NULL, NULL, NULL, NULL, NULL, 'entity:paragraph', 'en'),
('entity:paragraph/6:en', NULL, NULL, NULL, NULL, NULL, NULL, NULL, NULL, NULL, NULL, NULL, NULL, NULL, NULL, NULL, NULL, NULL, NULL, NULL, NULL, NULL, 'entity:paragraph', 'en'),
('entity:paragraph/7:en', NULL, NULL, NULL, NULL, NULL, NULL, NULL, NULL, NULL, NULL, NULL, NULL, NULL, NULL, NULL, NULL, NULL, NULL, NULL, NULL, NULL, 'entity:paragraph', 'en');

-- --------------------------------------------------------

--
-- Table structure for table `search_api_db_db_search_field_content`
--

CREATE TABLE `search_api_db_db_search_field_content` (
  `item_id` varchar(150) NOT NULL COMMENT 'The primary identifier of the item',
  `value` bigint NOT NULL COMMENT 'The field''s value for this item'
) ENGINE=InnoDB DEFAULT CHARSET=utf8mb3;

--
-- Dumping data for table `search_api_db_db_search_field_content`
--

INSERT INTO `search_api_db_db_search_field_content` (`item_id`, `value`) VALUES
('entity:node/13:en', 2),
('entity:node/13:en', 3),
('entity:node/14:en', 6),
('entity:node/14:en', 7);

-- --------------------------------------------------------

--
-- Table structure for table `search_api_db_db_search_field_description_1`
--

CREATE TABLE `search_api_db_db_search_field_description_1` (
  `item_id` varchar(150) NOT NULL COMMENT 'The primary identifier of the item',
  `value` varchar(255) NOT NULL COMMENT 'The field''s value for this item'
) ENGINE=InnoDB DEFAULT CHARSET=utf8mb3;

-- --------------------------------------------------------

--
-- Table structure for table `search_api_db_db_search_field_field_description_cob`
--

CREATE TABLE `search_api_db_db_search_field_field_description_cob` (
  `item_id` varchar(150) NOT NULL COMMENT 'The primary identifier of the item',
  `value` varchar(255) NOT NULL COMMENT 'The field''s value for this item'
) ENGINE=InnoDB DEFAULT CHARSET=utf8mb3;

-- --------------------------------------------------------

--
-- Table structure for table `search_api_db_db_search_field_first_column_`
--

CREATE TABLE `search_api_db_db_search_field_first_column_` (
  `item_id` varchar(150) NOT NULL COMMENT 'The primary identifier of the item',
  `value` bigint NOT NULL COMMENT 'The field''s value for this item'
) ENGINE=InnoDB DEFAULT CHARSET=utf8mb3;

-- --------------------------------------------------------

--
-- Table structure for table `search_api_db_db_search_field_second_column_`
--

CREATE TABLE `search_api_db_db_search_field_second_column_` (
  `item_id` varchar(150) NOT NULL COMMENT 'The primary identifier of the item',
  `value` bigint NOT NULL COMMENT 'The field''s value for this item'
) ENGINE=InnoDB DEFAULT CHARSET=utf8mb3;

-- --------------------------------------------------------

--
-- Table structure for table `search_api_db_db_search_field_two_column_heading`
--

CREATE TABLE `search_api_db_db_search_field_two_column_heading` (
  `item_id` varchar(150) NOT NULL COMMENT 'The primary identifier of the item',
  `value` varchar(255) NOT NULL COMMENT 'The field''s value for this item'
) ENGINE=InnoDB DEFAULT CHARSET=utf8mb3;

-- --------------------------------------------------------

--
-- Table structure for table `search_api_db_db_search_search_api_datasource`
--

CREATE TABLE `search_api_db_db_search_search_api_datasource` (
  `item_id` varchar(150) NOT NULL COMMENT 'The primary identifier of the item',
  `value` varchar(255) NOT NULL COMMENT 'The field''s value for this item'
) ENGINE=InnoDB DEFAULT CHARSET=utf8mb3;

--
-- Dumping data for table `search_api_db_db_search_search_api_datasource`
--

INSERT INTO `search_api_db_db_search_search_api_datasource` (`item_id`, `value`) VALUES
('entity:node/10:en', 'entity:node'),
('entity:node/11:en', 'entity:node'),
('entity:node/12:en', 'entity:node'),
('entity:node/13:en', 'entity:node'),
('entity:node/14:en', 'entity:node'),
('entity:node/1:en', 'entity:node'),
('entity:node/2:en', 'entity:node'),
('entity:node/3:en', 'entity:node'),
('entity:node/4:en', 'entity:node'),
('entity:node/5:en', 'entity:node'),
('entity:node/6:en', 'entity:node'),
('entity:node/7:en', 'entity:node'),
('entity:node/9:en', 'entity:node'),
('entity:paragraph/1:en', 'entity:paragraph'),
('entity:paragraph/2:en', 'entity:paragraph'),
('entity:paragraph/3:en', 'entity:paragraph'),
('entity:paragraph/4:en', 'entity:paragraph'),
('entity:paragraph/5:en', 'entity:paragraph'),
('entity:paragraph/6:en', 'entity:paragraph'),
('entity:paragraph/7:en', 'entity:paragraph');

-- --------------------------------------------------------

--
-- Table structure for table `search_api_db_db_search_search_api_language`
--

CREATE TABLE `search_api_db_db_search_search_api_language` (
  `item_id` varchar(150) NOT NULL COMMENT 'The primary identifier of the item',
  `value` varchar(255) NOT NULL COMMENT 'The field''s value for this item'
) ENGINE=InnoDB DEFAULT CHARSET=utf8mb3;

--
-- Dumping data for table `search_api_db_db_search_search_api_language`
--

INSERT INTO `search_api_db_db_search_search_api_language` (`item_id`, `value`) VALUES
('entity:node/10:en', 'en'),
('entity:node/11:en', 'en'),
('entity:node/12:en', 'en'),
('entity:node/13:en', 'en'),
('entity:node/14:en', 'en'),
('entity:node/1:en', 'en'),
('entity:node/2:en', 'en'),
('entity:node/3:en', 'en'),
('entity:node/4:en', 'en'),
('entity:node/5:en', 'en'),
('entity:node/6:en', 'en'),
('entity:node/7:en', 'en'),
('entity:node/9:en', 'en'),
('entity:paragraph/1:en', 'en'),
('entity:paragraph/2:en', 'en'),
('entity:paragraph/3:en', 'en'),
('entity:paragraph/4:en', 'en'),
('entity:paragraph/5:en', 'en'),
('entity:paragraph/6:en', 'en'),
('entity:paragraph/7:en', 'en');

-- --------------------------------------------------------

--
-- Table structure for table `search_api_db_db_search_status`
--

CREATE TABLE `search_api_db_db_search_status` (
  `item_id` varchar(150) NOT NULL COMMENT 'The primary identifier of the item',
  `value` tinyint NOT NULL COMMENT 'The field''s value for this item'
) ENGINE=InnoDB DEFAULT CHARSET=utf8mb3;

--
-- Dumping data for table `search_api_db_db_search_status`
--

INSERT INTO `search_api_db_db_search_status` (`item_id`, `value`) VALUES
('entity:node/10:en', 1),
('entity:node/11:en', 1),
('entity:node/12:en', 1),
('entity:node/13:en', 1),
('entity:node/14:en', 1),
('entity:node/1:en', 1),
('entity:node/2:en', 1),
('entity:node/3:en', 1),
('entity:node/4:en', 1),
('entity:node/5:en', 1),
('entity:node/6:en', 1),
('entity:node/7:en', 1),
('entity:node/9:en', 1);

-- --------------------------------------------------------

--
-- Table structure for table `search_api_db_db_search_text`
--

CREATE TABLE `search_api_db_db_search_text` (
  `item_id` varchar(150) CHARACTER SET utf8mb3 COLLATE utf8mb3_general_ci NOT NULL,
  `field_name` varchar(191) COLLATE utf8mb4_bin NOT NULL COMMENT 'The name of the field in which the token appears, or a base-64 encoded sha-256 hash of the field',
  `word` varchar(50) COLLATE utf8mb4_bin NOT NULL COMMENT 'The text of the indexed token',
  `score` int UNSIGNED NOT NULL DEFAULT '0' COMMENT 'The score associated with this token'
) ENGINE=InnoDB DEFAULT CHARSET=utf8mb4 COLLATE=utf8mb4_bin;

--
-- Dumping data for table `search_api_db_db_search_text`
--

INSERT INTO `search_api_db_db_search_text` (`item_id`, `field_name`, `word`, `score`) VALUES
('entity:node/10:en', 'title', 'Student', 1000),
('entity:node/10:en', 'title', 'Support', 1000),
('entity:node/11:en', 'title', 'After', 1000),
('entity:node/11:en', 'title', 'Before', 1000),
('entity:node/11:en', 'title', 'Childcare', 1000),
('entity:node/11:en', 'title', 'School', 1000),
('entity:node/11:en', 'title', 'and', 1000),
('entity:node/12:en', 'title', 'Improvement', 1000),
('entity:node/12:en', 'title', 'Plan', 1000),
('entity:node/12:en', 'title', 'School', 1000),
('entity:node/13:en', 'field_wysiwyg', '1FAIpQLSdiY1pw86QKl8clAgpjI87znydYyoMFeA', 1000),
('entity:node/13:en', 'field_wysiwyg', 'Catalogue', 1000),
('entity:node/13:en', 'field_wysiwyg', 'Commons', 1000),
('entity:node/13:en', 'field_wysiwyg', 'E416', 1000),
('entity:node/13:en', 'field_wysiwyg', 'Library', 4000),
('entity:node/13:en', 'field_wysiwyg', 'Masilamany', 1000),
('entity:node/13:en', 'field_wysiwyg', 'Meet', 1000),
('entity:node/13:en', 'field_wysiwyg', 'OLsMBUcrvsraUBQ', 1000),
('entity:node/13:en', 'field_wysiwyg', 'Public', 1000),
('entity:node/13:en', 'field_wysiwyg', 'Resources', 1000),
('entity:node/13:en', 'field_wysiwyg', 'School', 1000),
('entity:node/13:en', 'field_wysiwyg', 'Students', 1000),
('entity:node/13:en', 'field_wysiwyg', 'Teacher', 1000),
('entity:node/13:en', 'field_wysiwyg', 'This', 1000),
('entity:node/13:en', 'field_wysiwyg', 'Welcome', 1000),
('entity:node/13:en', 'field_wysiwyg', 'again', 1000),
('entity:node/13:en', 'field_wysiwyg', 'and', 1000),
('entity:node/13:en', 'field_wysiwyg', 'before', 1000),
('entity:node/13:en', 'field_wysiwyg', 'books', 1000),
('entity:node/13:en', 'field_wysiwyg', 'borrow', 1000),
('entity:node/13:en', 'field_wysiwyg', 'classes', 2000),
('entity:node/13:en', 'field_wysiwyg', 'client', 1000),
('entity:node/13:en', 'field_wysiwyg', 'com', 1000),
('entity:node/13:en', 'field_wysiwyg', 'come', 2000),
('entity:node/13:en', 'field_wysiwyg', 'disc', 1000),
('entity:node/13:en', 'field_wysiwyg', 'docs', 1000),
('entity:node/13:en', 'field_wysiwyg', 'during', 1000),
('entity:node/13:en', 'field_wysiwyg', 'ent', 1000),
('entity:node/13:en', 'field_wysiwyg', 'for', 2000),
('entity:node/13:en', 'field_wysiwyg', 'forms', 1000),
('entity:node/13:en', 'field_wysiwyg', 'google', 1000),
('entity:node/13:en', 'field_wysiwyg', 'href', 2000),
('entity:node/13:en', 'field_wysiwyg', 'https', 2000),
('entity:node/13:en', 'field_wysiwyg', 'lessons', 1000),
('entity:node/13:en', 'field_wysiwyg', 'librarian', 1000),
('entity:node/13:en', 'field_wysiwyg', 'library', 2000),
('entity:node/13:en', 'field_wysiwyg', 'lunch', 1000),
('entity:node/13:en', 'field_wysiwyg', 'may', 1000),
('entity:node/13:en', 'field_wysiwyg', 'nbsp', 3000),
('entity:node/13:en', 'field_wysiwyg', 'net', 1000),
('entity:node/13:en', 'field_wysiwyg', 'open', 1000),
('entity:node/13:en', 'field_wysiwyg', 'school', 1000),
('entity:node/13:en', 'field_wysiwyg', 'sirsidynix', 1000),
('entity:node/13:en', 'field_wysiwyg', 'space', 1000),
('entity:node/13:en', 'field_wysiwyg', 'spare', 1000),
('entity:node/13:en', 'field_wysiwyg', 'strong', 2000),
('entity:node/13:en', 'field_wysiwyg', 'the', 2000),
('entity:node/13:en', 'field_wysiwyg', 'their', 2000),
('entity:node/13:en', 'field_wysiwyg', 'time', 1000),
('entity:node/13:en', 'field_wysiwyg', 'type', 1000),
('entity:node/13:en', 'field_wysiwyg', 'viewform', 1000),
('entity:node/13:en', 'field_wysiwyg', 'with', 1000),
('entity:node/13:en', 'field_wysiwyg', 'year', 1000),
('entity:node/13:en', 'field_wysiwyg', 'your', 1000),
('entity:node/13:en', 'field_wysiwyg', 'yrdsb', 1000),
('entity:node/13:en', 'title', 'Library', 1000),
('entity:node/14:en', 'field_wysiwyg', 'All', 1000),
('entity:node/14:en', 'field_wysiwyg', 'Education', 1000),
('entity:node/14:en', 'field_wysiwyg', 'Get', 1000),
('entity:node/14:en', 'field_wysiwyg', 'Getting', 1000),
('entity:node/14:en', 'field_wysiwyg', 'Involved', 1000),
('entity:node/14:en', 'field_wysiwyg', 'Learn', 1000),
('entity:node/14:en', 'field_wysiwyg', 'Pages', 1000),
('entity:node/14:en', 'field_wysiwyg', 'Parents', 2000),
('entity:node/14:en', 'field_wysiwyg', 'School', 2000),
('entity:node/14:en', 'field_wysiwyg', 'This', 1000),
('entity:node/14:en', 'field_wysiwyg', 'about', 1000),
('entity:node/14:en', 'field_wysiwyg', 'administrator', 1000),
('entity:node/14:en', 'field_wysiwyg', 'advice', 1000),
('entity:node/14:en', 'field_wysiwyg', 'and', 6000),
('entity:node/14:en', 'field_wysiwyg', 'are', 3000),
('entity:node/14:en', 'field_wysiwyg', 'aspx', 1000),
('entity:node/14:en', 'field_wysiwyg', 'attend', 1000),
('entity:node/14:en', 'field_wysiwyg', 'available', 1000),
('entity:node/14:en', 'field_wysiwyg', 'between', 1000),
('entity:node/14:en', 'field_wysiwyg', 'boards', 1000),
('entity:node/14:en', 'field_wysiwyg', 'can', 2000),
('entity:node/14:en', 'field_wysiwyg', 'child', 1000),
('entity:node/14:en', 'field_wysiwyg', 'communities', 1000),
('entity:node/14:en', 'field_wysiwyg', 'community', 3000),
('entity:node/14:en', 'field_wysiwyg', 'council', 2000),
('entity:node/14:en', 'field_wysiwyg', 'councils', 2000),
('entity:node/14:en', 'field_wysiwyg', 'education', 1000),
('entity:node/14:en', 'field_wysiwyg', 'engage', 1000),
('entity:node/14:en', 'field_wysiwyg', 'ensure', 1000),
('entity:node/14:en', 'field_wysiwyg', 'families', 1000),
('entity:node/14:en', 'field_wysiwyg', 'get', 1000),
('entity:node/14:en', 'field_wysiwyg', 'gives', 1000),
('entity:node/14:en', 'field_wysiwyg', 'guardians', 2000),
('entity:node/14:en', 'field_wysiwyg', 'help', 1000),
('entity:node/14:en', 'field_wysiwyg', 'high', 1000),
('entity:node/14:en', 'field_wysiwyg', 'home', 1000),
('entity:node/14:en', 'field_wysiwyg', 'href', 1000),
('entity:node/14:en', 'field_wysiwyg', 'http', 1000),
('entity:node/14:en', 'field_wysiwyg', 'important', 1000),
('entity:node/14:en', 'field_wysiwyg', 'involved', 2000),
('entity:node/14:en', 'field_wysiwyg', 'involving', 1000),
('entity:node/14:en', 'field_wysiwyg', 'just', 1000),
('entity:node/14:en', 'field_wysiwyg', 'key', 1000),
('entity:node/14:en', 'field_wysiwyg', 'learning', 1000),
('entity:node/14:en', 'field_wysiwyg', 'matters', 1000),
('entity:node/14:en', 'field_wysiwyg', 'meetings', 1000),
('entity:node/14:en', 'field_wysiwyg', 'members', 2000),
('entity:node/14:en', 'field_wysiwyg', 'nbsp', 3000),
('entity:node/14:en', 'field_wysiwyg', 'one', 1000),
('entity:node/14:en', 'field_wysiwyg', 'online', 1000),
('entity:node/14:en', 'field_wysiwyg', 'opportunity', 1000),
('entity:node/14:en', 'field_wysiwyg', 'other', 1000),
('entity:node/14:en', 'field_wysiwyg', 'parents', 2000),
('entity:node/14:en', 'field_wysiwyg', 'part', 1000),
('entity:node/14:en', 'field_wysiwyg', 'partnership', 1000),
('entity:node/14:en', 'field_wysiwyg', 'principals', 1000),
('entity:node/14:en', 'field_wysiwyg', 'provide', 1000),
('entity:node/14:en', 'field_wysiwyg', 'quality', 1000),
('entity:node/14:en', 'field_wysiwyg', 'relationship', 1000),
('entity:node/14:en', 'field_wysiwyg', 'resources', 1000),
('entity:node/14:en', 'field_wysiwyg', 'school', 6000),
('entity:node/14:en', 'field_wysiwyg', 'schools', 2000),
('entity:node/14:en', 'field_wysiwyg', 'strengthen', 1000),
('entity:node/14:en', 'field_wysiwyg', 'strong', 12000),
('entity:node/14:en', 'field_wysiwyg', 'students', 2000),
('entity:node/14:en', 'field_wysiwyg', 'successful', 1000),
('entity:node/14:en', 'field_wysiwyg', 'super', 1000),
('entity:node/14:en', 'field_wysiwyg', 'support', 1000),
('entity:node/14:en', 'field_wysiwyg', 'supported', 1000),
('entity:node/14:en', 'field_wysiwyg', 'teachers', 1000),
('entity:node/14:en', 'field_wysiwyg', 'team', 1000),
('entity:node/14:en', 'field_wysiwyg', 'the', 4000),
('entity:node/14:en', 'field_wysiwyg', 'their', 2000),
('entity:node/14:en', 'field_wysiwyg', 'things', 1000),
('entity:node/14:en', 'field_wysiwyg', 'through', 2000),
('entity:node/14:en', 'field_wysiwyg', 'various', 1000),
('entity:node/14:en', 'field_wysiwyg', 'way', 1000),
('entity:node/14:en', 'field_wysiwyg', 'welcome', 1000),
('entity:node/14:en', 'field_wysiwyg', 'with', 1000),
('entity:node/14:en', 'field_wysiwyg', 'work', 1000),
('entity:node/14:en', 'field_wysiwyg', 'working', 1000),
('entity:node/14:en', 'field_wysiwyg', 'www', 1000),
('entity:node/14:en', 'field_wysiwyg', 'you', 2000),
('entity:node/14:en', 'field_wysiwyg', 'your', 1000),
('entity:node/14:en', 'field_wysiwyg', 'yrdsb', 1000),
('entity:node/14:en', 'title', 'Council', 1000),
('entity:node/14:en', 'title', 'School', 1000),
('entity:node/1:en', 'title', 'Home', 1000),
('entity:node/2:en', 'title', 'About', 1000),
('entity:node/2:en', 'title', 'YRDSB', 1000),
('entity:node/3:en', 'title', 'Our', 1000),
('entity:node/3:en', 'title', 'School', 1000),
('entity:node/4:en', 'title', 'Timetable', 1000),
('entity:node/5:en', 'title', 'Message', 1000),
('entity:node/5:en', 'title', 'Our', 1000),
('entity:node/5:en', 'title', 'Trustee', 1000),
('entity:node/5:en', 'title', 'from', 1000),
('entity:node/6:en', 'title', 'Message', 1000),
('entity:node/6:en', 'title', 'Principal', 1000),
('entity:node/7:en', 'title', 'Our', 1000),
('entity:node/7:en', 'title', 'Staff', 1000),
('entity:node/9:en', 'title', 'Elementary', 1000),
('entity:node/9:en', 'title', 'School', 1000),
('entity:node/9:en', 'title', 'YRDSB', 1000);

-- --------------------------------------------------------

--
-- Table structure for table `search_api_db_db_search_type`
--

CREATE TABLE `search_api_db_db_search_type` (
  `item_id` varchar(150) NOT NULL COMMENT 'The primary identifier of the item',
  `value` varchar(255) NOT NULL COMMENT 'The field''s value for this item'
) ENGINE=InnoDB DEFAULT CHARSET=utf8mb3;

--
-- Dumping data for table `search_api_db_db_search_type`
--

INSERT INTO `search_api_db_db_search_type` (`item_id`, `value`) VALUES
('entity:node/10:en', 'page'),
('entity:node/11:en', 'page'),
('entity:node/12:en', 'page'),
('entity:node/13:en', 'page'),
('entity:node/14:en', 'page'),
('entity:node/1:en', 'page'),
('entity:node/2:en', 'page'),
('entity:node/3:en', 'our_school'),
('entity:node/4:en', 'page'),
('entity:node/5:en', 'page'),
('entity:node/6:en', 'page'),
('entity:node/7:en', 'page'),
('entity:node/9:en', 'page');

-- --------------------------------------------------------

--
-- Table structure for table `search_api_item`
--

CREATE TABLE `search_api_item` (
  `index_id` varchar(50) NOT NULL COMMENT 'The ID of the index this item belongs to',
  `datasource` varchar(50) NOT NULL COMMENT 'The plugin ID of the datasource this item belongs to',
  `item_id` varchar(150) NOT NULL COMMENT 'The unique identifier of this item',
  `changed` int UNSIGNED NOT NULL COMMENT 'A timestamp indicating when the item was last changed',
  `status` int NOT NULL COMMENT 'Boolean indicating the indexing status: "1" if item needs to be indexed, "0" otherwise'
) ENGINE=InnoDB DEFAULT CHARSET=utf8mb4 COLLATE=utf8mb4_general_ci COMMENT='Stores the items which should be indexed for each index,…';

--
-- Dumping data for table `search_api_item`
--

INSERT INTO `search_api_item` (`index_id`, `datasource`, `item_id`, `changed`, `status`) VALUES
('db_search', 'entity:node', 'entity:node/1:en', 1740434913, 0),
('db_search', 'entity:node', 'entity:node/10:en', 1740494487, 0),
('db_search', 'entity:node', 'entity:node/11:en', 1740494530, 0),
('db_search', 'entity:node', 'entity:node/12:en', 1740494567, 0),
('db_search', 'entity:node', 'entity:node/13:en', 1740495439, 0),
('db_search', 'entity:node', 'entity:node/14:en', 1740495521, 0),
('db_search', 'entity:node', 'entity:node/2:en', 1740494111, 0),
('db_search', 'entity:node', 'entity:node/3:en', 1740494155, 0),
('db_search', 'entity:node', 'entity:node/4:en', 1740494183, 0),
('db_search', 'entity:node', 'entity:node/5:en', 1740494228, 0),
('db_search', 'entity:node', 'entity:node/6:en', 1740494279, 0),
('db_search', 'entity:node', 'entity:node/7:en', 1740494395, 0),
('db_search', 'entity:node', 'entity:node/9:en', 1740494457, 0),
('db_search', 'entity:paragraph', 'entity:paragraph/1:en', 1740495439, 0),
('db_search', 'entity:paragraph', 'entity:paragraph/2:en', 1740495439, 0),
('db_search', 'entity:paragraph', 'entity:paragraph/3:en', 1740495439, 0),
('db_search', 'entity:paragraph', 'entity:paragraph/4:en', 1740495521, 0),
('db_search', 'entity:paragraph', 'entity:paragraph/5:en', 1740495521, 0),
('db_search', 'entity:paragraph', 'entity:paragraph/6:en', 1740495521, 0),
('db_search', 'entity:paragraph', 'entity:paragraph/7:en', 1740495521, 0);

-- --------------------------------------------------------

--
-- Table structure for table `search_api_task`
--

CREATE TABLE `search_api_task` (
  `id` int UNSIGNED NOT NULL,
  `type` varchar(50) DEFAULT NULL,
  `server_id` varchar(50) DEFAULT NULL,
  `index_id` varchar(50) DEFAULT NULL,
  `data` longtext
) ENGINE=InnoDB DEFAULT CHARSET=utf8mb4 COLLATE=utf8mb4_general_ci COMMENT='The base table for search_api_task entities.';

-- --------------------------------------------------------

--
-- Table structure for table `semaphore`
--

CREATE TABLE `semaphore` (
  `name` varchar(255) CHARACTER SET ascii COLLATE ascii_general_ci NOT NULL DEFAULT '' COMMENT 'Primary Key: Unique name.',
  `value` varchar(255) CHARACTER SET ascii COLLATE ascii_general_ci NOT NULL DEFAULT '' COMMENT 'A value for the semaphore.',
  `expire` double NOT NULL COMMENT 'A Unix timestamp with microseconds indicating when the semaphore should expire.'
) ENGINE=InnoDB DEFAULT CHARSET=utf8mb4 COLLATE=utf8mb4_general_ci COMMENT='Table for holding semaphores, locks, flags, etc. that…';

-- --------------------------------------------------------

--
-- Table structure for table `sequences`
--

CREATE TABLE `sequences` (
  `value` int UNSIGNED NOT NULL COMMENT 'The value of the sequence.'
) ENGINE=InnoDB DEFAULT CHARSET=utf8mb4 COLLATE=utf8mb4_general_ci COMMENT='Stores IDs.';

-- --------------------------------------------------------

--
-- Table structure for table `sessions`
--

CREATE TABLE `sessions` (
  `uid` int UNSIGNED NOT NULL COMMENT 'The "users".uid corresponding to a session, or 0 for anonymous user.',
  `sid` varchar(128) CHARACTER SET ascii COLLATE ascii_general_ci NOT NULL COMMENT 'A session ID (hashed). The value is generated by Drupal''s session handlers.',
  `hostname` varchar(128) CHARACTER SET ascii COLLATE ascii_general_ci NOT NULL DEFAULT '' COMMENT 'The IP address that last used this session ID (sid).',
  `timestamp` bigint NOT NULL DEFAULT '0' COMMENT 'The Unix timestamp when this session last requested a page. Old records are purged by PHP automatically.',
  `session` longblob COMMENT 'The serialized contents of the user''s session, an array of name/value pairs that persists across page requests by this session ID. Drupal loads the user''s session from here   at the start of each request and saves it at the end.'
) ENGINE=InnoDB DEFAULT CHARSET=utf8mb4 COLLATE=utf8mb4_general_ci COMMENT='Drupal''s session handlers read and write into the sessions…';

--
-- Dumping data for table `sessions`
--

INSERT INTO `sessions` (`uid`, `sid`, `hostname`, `timestamp`, `session`) VALUES
(1, '6yhoMk12Mi4xa1LEbqNfSyxmwP-Y-GXChyCGQTbmuzY', '116.75.243.37', 1740495834, 0x5f7366325f617474726962757465737c613a313a7b733a333a22756964223b733a313a2231223b7d5f7366325f6d6574617c613a343a7b733a313a2275223b693a313734303439353833343b733a313a2263223b693a313734303439333338393b733a313a226c223b693a323030303030303b733a313a2273223b733a34333a22684251657034717330786376497a31387a7a6169504653506d50464332617a6b50747a515f436e55567859223b7d),
(1, 'IPSa3ELHnyHS28PalNEcvGPdSWbC3F0MlJwai8SpQlE', '116.75.243.48', 1740506201, 0x5f7366325f617474726962757465737c613a313a7b733a333a22756964223b733a313a2231223b7d5f7366325f6d6574617c613a343a7b733a313a2275223b693a313734303530363230313b733a313a2263223b693a313734303433353934373b733a313a226c223b693a323030303030303b733a313a2273223b733a34333a22494b6e797964486849797450555642686c6a42696d446179796667573351745f4d78426d786b7a426b7141223b7d),
(1, 'wIbdR7xcWsQSLk6QkhaEWrUOXul5Di4iCvFUUMNUuQs', '116.75.243.48', 1740603673, 0x5f7366325f617474726962757465737c613a323a7b733a333a22756964223b733a313a2231223b733a31323a22706173735f72657365745f31223b733a37343a22466855553763775768457a74544b52457931337148624b707167706f6b704a6f7567464b676f48705f50774530304a734a4e725f6159385353426d314a726e36304e43506a6d756a5f77223b7d5f7366325f6d6574617c613a343a7b733a313a2275223b693a313734303630333637333b733a313a2263223b693a313734303630333437333b733a313a226c223b693a323030303030303b733a313a2273223b733a34333a224f514854452d5f6a756a347a624a306145364a4d6765424f5239666e6d5a6a545a5667546c31767a6c6d55223b7d);

-- --------------------------------------------------------

--
-- Table structure for table `shortcut`
--

CREATE TABLE `shortcut` (
  `id` int UNSIGNED NOT NULL,
  `shortcut_set` varchar(32) CHARACTER SET ascii COLLATE ascii_general_ci NOT NULL COMMENT 'The ID of the target entity.',
  `uuid` varchar(128) CHARACTER SET ascii COLLATE ascii_general_ci NOT NULL,
  `langcode` varchar(12) CHARACTER SET ascii COLLATE ascii_general_ci NOT NULL
) ENGINE=InnoDB DEFAULT CHARSET=utf8mb4 COLLATE=utf8mb4_general_ci COMMENT='The base table for shortcut entities.';

--
-- Dumping data for table `shortcut`
--

INSERT INTO `shortcut` (`id`, `shortcut_set`, `uuid`, `langcode`) VALUES
(1, 'default', '94afd271-a4cb-4646-a017-16699cc0d26d', 'en'),
(2, 'default', 'cc1d71e5-9e6b-4c29-89ec-e73fc6cf6dd9', 'en');

-- --------------------------------------------------------

--
-- Table structure for table `shortcut_field_data`
--

CREATE TABLE `shortcut_field_data` (
  `id` int UNSIGNED NOT NULL,
  `shortcut_set` varchar(32) CHARACTER SET ascii COLLATE ascii_general_ci NOT NULL COMMENT 'The ID of the target entity.',
  `langcode` varchar(12) CHARACTER SET ascii COLLATE ascii_general_ci NOT NULL,
  `title` varchar(255) DEFAULT NULL,
  `weight` int DEFAULT NULL,
  `link__uri` varchar(2048) DEFAULT NULL COMMENT 'The URI of the link.',
  `link__title` varchar(255) DEFAULT NULL COMMENT 'The link text.',
  `link__options` longblob COMMENT 'Serialized array of options for the link.',
  `default_langcode` tinyint NOT NULL
) ENGINE=InnoDB DEFAULT CHARSET=utf8mb4 COLLATE=utf8mb4_general_ci COMMENT='The data table for shortcut entities.';

--
-- Dumping data for table `shortcut_field_data`
--

INSERT INTO `shortcut_field_data` (`id`, `shortcut_set`, `langcode`, `title`, `weight`, `link__uri`, `link__title`, `link__options`, `default_langcode`) VALUES
(1, 'default', 'en', 'Add content', -20, 'internal:/node/add', NULL, 0x613a303a7b7d, 1),
(2, 'default', 'en', 'All content', -19, 'internal:/admin/content', NULL, 0x613a303a7b7d, 1);

-- --------------------------------------------------------

--
-- Table structure for table `shortcut_set_users`
--

CREATE TABLE `shortcut_set_users` (
  `uid` int UNSIGNED NOT NULL DEFAULT '0' COMMENT 'The "users".uid for this set.',
  `set_name` varchar(32) CHARACTER SET ascii COLLATE ascii_general_ci NOT NULL DEFAULT '' COMMENT 'The "shortcut_set".set_name that will be displayed for this user.'
) ENGINE=InnoDB DEFAULT CHARSET=utf8mb4 COLLATE=utf8mb4_general_ci COMMENT='Maps users to shortcut sets.';

-- --------------------------------------------------------

--
-- Table structure for table `simple_sitemap`
--

CREATE TABLE `simple_sitemap` (
  `id` int UNSIGNED NOT NULL COMMENT 'Sitemap chunk unique identifier.',
  `type` varchar(32) NOT NULL DEFAULT '' COMMENT 'Type of sitemap this chunk belongs to.',
  `delta` int UNSIGNED NOT NULL COMMENT 'Delta of the chunk within the type scope.',
  `sitemap_string` longtext NOT NULL COMMENT 'XML sitemap chunk string.',
  `sitemap_created` int UNSIGNED NOT NULL DEFAULT '0' COMMENT 'Timestamp of sitemap chunk generation.',
  `status` tinyint UNSIGNED NOT NULL DEFAULT '0' COMMENT 'Flag indicating the publishing status of the chunk.',
  `link_count` int UNSIGNED NOT NULL DEFAULT '0' COMMENT 'The number of links in the sitemap.'
) ENGINE=InnoDB DEFAULT CHARSET=utf8mb4 COLLATE=utf8mb4_general_ci COMMENT='Holds XML sitemaps as strings for quick retrieval.';

--
-- Dumping data for table `simple_sitemap`
--

INSERT INTO `simple_sitemap` (`id`, `type`, `delta`, `sitemap_string`, `sitemap_created`, `status`, `link_count`) VALUES
(4, 'default', 1, '<?xml version=\"1.0\" encoding=\"UTF-8\"?>\n<?xml-stylesheet type=\"text/xsl\" href=\"/sitemap_generator/default/sitemap.xsl\"?>\n<!--Generated by the Simple XML Sitemap Drupal module: https://drupal.org/project/simple_sitemap.-->\n<urlset xmlns=\"http://www.sitemaps.org/schemas/sitemap/0.9\" xmlns:image=\"http://www.google.com/schemas/sitemap-image/1.1\">\n <url>\n  <loc>https://tkps.yrdsb-schools-new.w3creatives.com/</loc>\n  <lastmod>2025-02-24T17:08:33-05:00</lastmod>\n  <changefreq>daily</changefreq>\n  <priority>1.0</priority>\n </url>\n <url>\n  <loc>https://tkps.yrdsb-schools-new.w3creatives.com/about-us/our-school</loc>\n  <lastmod>2025-02-25T09:35:55-05:00</lastmod>\n  <priority>0.5</priority>\n </url>\n <url>\n  <loc>https://tkps.yrdsb-schools-new.w3creatives.com/home</loc>\n  <lastmod>2025-02-24T17:08:33-05:00</lastmod>\n  <priority>0.5</priority>\n </url>\n <url>\n  <loc>https://tkps.yrdsb-schools-new.w3creatives.com/about-us</loc>\n  <lastmod>2025-02-25T09:35:11-05:00</lastmod>\n  <priority>0.5</priority>\n </url>\n <url>\n  <loc>https://tkps.yrdsb-schools-new.w3creatives.com/about-us/timetable</loc>\n  <lastmod>2025-02-25T09:36:23-05:00</lastmod>\n  <priority>0.5</priority>\n </url>\n <url>\n  <loc>https://tkps.yrdsb-schools-new.w3creatives.com/about-us/message-from-trustee</loc>\n  <lastmod>2025-02-25T09:37:08-05:00</lastmod>\n  <priority>0.5</priority>\n </url>\n <url>\n  <loc>https://tkps.yrdsb-schools-new.w3creatives.com/about-us/message-from-principal</loc>\n  <lastmod>2025-02-25T09:37:59-05:00</lastmod>\n  <priority>0.5</priority>\n </url>\n <url>\n  <loc>https://tkps.yrdsb-schools-new.w3creatives.com/about-us/our-staff</loc>\n  <lastmod>2025-02-25T09:39:55-05:00</lastmod>\n  <priority>0.5</priority>\n </url>\n <url>\n  <loc>https://tkps.yrdsb-schools-new.w3creatives.com/about-us/elementary_school</loc>\n  <lastmod>2025-02-25T09:40:57-05:00</lastmod>\n  <priority>0.5</priority>\n </url>\n <url>\n  <loc>https://tkps.yrdsb-schools-new.w3creatives.com/about-us/student-support</loc>\n  <lastmod>2025-02-25T09:41:27-05:00</lastmod>\n  <priority>0.5</priority>\n </url>\n <url>\n  <loc>https://tkps.yrdsb-schools-new.w3creatives.com/about-us/BeforeandAfterSchoolChildcare</loc>\n  <lastmod>2025-02-25T09:42:10-05:00</lastmod>\n  <priority>0.5</priority>\n </url>\n <url>\n  <loc>https://tkps.yrdsb-schools-new.w3creatives.com/about-us/school-improvement-plan</loc>\n  <lastmod>2025-02-25T09:42:47-05:00</lastmod>\n  <priority>0.5</priority>\n </url>\n <url>\n  <loc>https://tkps.yrdsb-schools-new.w3creatives.com/library</loc>\n  <lastmod>2025-02-25T09:57:19-05:00</lastmod>\n  <priority>0.5</priority>\n </url>\n <url>\n  <loc>https://tkps.yrdsb-schools-new.w3creatives.com/school-council</loc>\n  <lastmod>2025-02-25T09:58:41-05:00</lastmod>\n  <priority>0.5</priority>\n </url>\n</urlset>\n', 1740603414, 1, 14);

-- --------------------------------------------------------

--
-- Table structure for table `simple_sitemap_entity_overrides`
--

CREATE TABLE `simple_sitemap_entity_overrides` (
  `id` int UNSIGNED NOT NULL COMMENT 'Override unique identifier.',
  `type` varchar(50) NOT NULL COMMENT 'Type of sitemap this override belongs to.',
  `entity_type` varchar(32) NOT NULL COMMENT 'Entity type of the overriding entity.',
  `entity_id` varchar(32) NOT NULL COMMENT 'ID of the overriding entity.',
  `inclusion_settings` blob COMMENT 'Setting for the overriding entity.'
) ENGINE=InnoDB DEFAULT CHARSET=utf8mb4 COLLATE=utf8mb4_general_ci COMMENT='Holds sitemap settings overridden by entities.';

-- --------------------------------------------------------

--
-- Table structure for table `taxonomy_index`
--

CREATE TABLE `taxonomy_index` (
  `nid` int UNSIGNED NOT NULL DEFAULT '0' COMMENT 'The "node".nid this record tracks.',
  `tid` int UNSIGNED NOT NULL DEFAULT '0' COMMENT 'The term ID.',
  `status` int NOT NULL DEFAULT '1' COMMENT 'Boolean indicating whether the node is published (visible to non-administrators).',
  `sticky` tinyint DEFAULT '0' COMMENT 'Boolean indicating whether the node is sticky.',
  `created` int NOT NULL DEFAULT '0' COMMENT 'The Unix timestamp when the node was created.'
) ENGINE=InnoDB DEFAULT CHARSET=utf8mb4 COLLATE=utf8mb4_general_ci COMMENT='Maintains denormalized information about node/term…';

-- --------------------------------------------------------

--
-- Table structure for table `taxonomy_term_data`
--

CREATE TABLE `taxonomy_term_data` (
  `tid` int UNSIGNED NOT NULL,
  `revision_id` int UNSIGNED DEFAULT NULL,
  `vid` varchar(32) CHARACTER SET ascii COLLATE ascii_general_ci NOT NULL COMMENT 'The ID of the target entity.',
  `uuid` varchar(128) CHARACTER SET ascii COLLATE ascii_general_ci NOT NULL,
  `langcode` varchar(12) CHARACTER SET ascii COLLATE ascii_general_ci NOT NULL
) ENGINE=InnoDB DEFAULT CHARSET=utf8mb4 COLLATE=utf8mb4_general_ci COMMENT='The base table for taxonomy_term entities.';

--
-- Dumping data for table `taxonomy_term_data`
--

INSERT INTO `taxonomy_term_data` (`tid`, `revision_id`, `vid`, `uuid`, `langcode`) VALUES
(1, 1, 'background_color_selection', '9f024456-d8ee-4ac9-beba-ae5d266e32a7', 'en'),
(2, 2, 'departments_for_newsletter', '6cce8d59-7b9f-4eff-9050-76e3844c1368', 'en'),
(3, 3, 'departments_for_newsletter', '6a47f938-1de4-49e4-89ab-a4e654f24100', 'en'),
(4, 4, 'departments_for_newsletter', 'a1654e8a-0d42-468b-a3f0-6c85391cd7ac', 'en'),
(5, 5, 'departments_for_newsletter', 'cfa69838-4db2-44ca-beb8-3e9b07e2ff7d', 'en'),
(6, 6, 'departments_for_newsletter', '22953f3b-3042-4e86-8e8e-519c7ac64128', 'en'),
(7, 7, 'departments_for_newsletter', '1cfee35e-db90-483f-aa1c-4572ef50f648', 'en'),
(8, 8, 'departments_for_newsletter', 'df178fdd-27f3-4aec-9098-085adf2b9b3b', 'en'),
(9, 9, 'departments_for_newsletter', '33e6af1e-d467-4c45-b3ab-7c7c585c5a3e', 'en'),
(10, 10, 'event', '5f229983-8d2d-4276-81fb-a1ad2e44fff5', 'en'),
(11, 11, 'event', '0a958e3c-c1da-4adb-8771-7fc2e6f14808', 'en'),
(12, 12, 'event', '0470493e-1bba-47a1-bd33-233be9b8d9db', 'en'),
(13, 13, 'image_category', 'ad023cd9-5338-4202-81de-d0ccee638772', 'en'),
(14, 14, 'image_category', 'cedcaf1b-e5d3-4f3b-b620-4774e0ad0dfe', 'en'),
(15, 15, 'image_category', '68599588-ec71-4f8e-97f1-30fe6ea78418', 'en'),
(16, 16, 'image_category', '24836b45-ce21-495f-bf87-ebc7126a238e', 'en'),
(17, 17, 'news', 'be813be6-8bd9-481c-99b9-844371b53f78', 'en'),
(18, 18, 'news', 'e8ca08a9-b625-442b-9a64-f9460faa5517', 'en'),
(19, 19, 'program_and_services', '89125bb2-5602-47da-8292-1aa876020909', 'en'),
(20, 20, 'program_and_services', '03e0c643-3881-40c0-bbf5-5e048d9cd497', 'en'),
(21, 21, 'program_and_services', '9f491f64-3343-48ce-a2ce-350f7b95b8bf', 'en'),
(22, 22, 'program_and_services', '6ec429bb-e182-4701-b45d-8c4f38ff6d0e', 'en'),
(23, 23, 'program_and_services', '5b3781fb-2bcc-47c6-a3b6-cafec5fccfc6', 'en'),
(24, 24, 'program_and_services', '2e235e8a-d873-4994-ab6a-f4f8bc11f897', 'en'),
(25, 25, 'program_and_services', '13e52fcb-88ea-469a-a7de-bb8ec7c3602a', 'en');

-- --------------------------------------------------------

--
-- Table structure for table `taxonomy_term_field_data`
--

CREATE TABLE `taxonomy_term_field_data` (
  `tid` int UNSIGNED NOT NULL,
  `revision_id` int UNSIGNED NOT NULL,
  `vid` varchar(32) CHARACTER SET ascii COLLATE ascii_general_ci NOT NULL COMMENT 'The ID of the target entity.',
  `langcode` varchar(12) CHARACTER SET ascii COLLATE ascii_general_ci NOT NULL,
  `status` tinyint NOT NULL,
  `name` varchar(255) NOT NULL,
  `description__value` longtext,
  `description__format` varchar(255) CHARACTER SET ascii COLLATE ascii_general_ci DEFAULT NULL,
  `weight` int NOT NULL,
  `changed` int DEFAULT NULL,
  `default_langcode` tinyint NOT NULL,
  `revision_translation_affected` tinyint DEFAULT NULL,
  `publish_on` int DEFAULT NULL,
  `unpublish_on` int DEFAULT NULL
) ENGINE=InnoDB DEFAULT CHARSET=utf8mb4 COLLATE=utf8mb4_general_ci COMMENT='The data table for taxonomy_term entities.';

--
-- Dumping data for table `taxonomy_term_field_data`
--

INSERT INTO `taxonomy_term_field_data` (`tid`, `revision_id`, `vid`, `langcode`, `status`, `name`, `description__value`, `description__format`, `weight`, `changed`, `default_langcode`, `revision_translation_affected`, `publish_on`, `unpublish_on`) VALUES
(1, 1, 'background_color_selection', 'en', 1, 'Grey', NULL, NULL, 0, 1740502982, 1, 1, NULL, NULL),
(2, 2, 'departments_for_newsletter', 'en', 1, 'Centre for Black Student Excellence', NULL, NULL, 0, 1740505792, 1, 1, NULL, NULL),
(3, 3, 'departments_for_newsletter', 'en', 1, 'Engagement Matters', NULL, NULL, 0, 1740505800, 1, 1, NULL, NULL),
(4, 4, 'departments_for_newsletter', 'en', 1, 'Indigenous', NULL, NULL, 0, 1740505805, 1, 1, NULL, NULL),
(5, 5, 'departments_for_newsletter', 'en', 1, 'Math Newsletter', NULL, NULL, 0, 1740505811, 1, 1, NULL, NULL),
(6, 6, 'departments_for_newsletter', 'en', 1, 'Math Problems', NULL, NULL, 0, 1740505817, 1, 1, NULL, NULL),
(7, 7, 'departments_for_newsletter', 'en', 1, 'Mental Health', NULL, NULL, 0, 1740505823, 1, 1, NULL, NULL),
(8, 8, 'departments_for_newsletter', 'en', 1, 'Pathways', NULL, NULL, 0, 1740505831, 1, 1, NULL, NULL),
(9, 9, 'departments_for_newsletter', 'en', 1, 'Special Education', NULL, NULL, 0, 1740505837, 1, 1, NULL, NULL),
(10, 10, 'event', 'en', 1, 'Board & Committee Meetings', NULL, NULL, 0, 1740505876, 1, 1, NULL, NULL),
(11, 11, 'event', 'en', 1, 'Board Events', NULL, NULL, 0, 1740505882, 1, 1, NULL, NULL),
(12, 12, 'event', 'en', 1, 'School Event', NULL, NULL, 0, 1740505889, 1, 1, NULL, NULL),
(13, 13, 'image_category', 'en', 1, 'Corporate People', NULL, NULL, 0, 1740505913, 1, 1, NULL, NULL),
(14, 14, 'image_category', 'en', 1, 'Real Event Image', NULL, NULL, 0, 1740505919, 1, 1, NULL, NULL),
(15, 15, 'image_category', 'en', 1, 'Students', NULL, NULL, 0, 1740505925, 1, 1, NULL, NULL),
(16, 16, 'image_category', 'en', 1, 'Others', NULL, NULL, 0, 1740505930, 1, 1, NULL, NULL),
(17, 17, 'news', 'en', 1, 'Media Advisory', NULL, NULL, 0, 1740505967, 1, 1, NULL, NULL),
(18, 18, 'news', 'en', 1, 'News Release', NULL, NULL, 0, 1740505973, 1, 1, NULL, NULL),
(19, 19, 'program_and_services', 'en', 1, 'Adult Programs', NULL, NULL, 0, 1740506007, 1, 1, NULL, NULL),
(20, 20, 'program_and_services', 'en', 1, 'Elementary', NULL, NULL, 0, 1740506014, 1, 1, NULL, NULL),
(21, 21, 'program_and_services', 'en', 1, 'International Programs', NULL, NULL, 0, 1740506020, 1, 1, NULL, NULL),
(22, 22, 'program_and_services', 'en', 1, 'Other Ways to Earn Secondary Credits', NULL, NULL, 0, 1740506026, 1, 1, NULL, NULL),
(23, 23, 'program_and_services', 'en', 1, 'Secondary Programs', NULL, NULL, 0, 1740506032, 1, 1, NULL, NULL),
(24, 24, 'program_and_services', 'en', 1, 'Services & Supports', NULL, NULL, 0, 1740506038, 1, 1, NULL, NULL),
(25, 25, 'program_and_services', 'en', 1, 'Summer Programs', NULL, NULL, 0, 1740506045, 1, 1, NULL, NULL);

-- --------------------------------------------------------

--
-- Table structure for table `taxonomy_term_field_revision`
--

CREATE TABLE `taxonomy_term_field_revision` (
  `tid` int UNSIGNED NOT NULL,
  `revision_id` int UNSIGNED NOT NULL,
  `langcode` varchar(12) CHARACTER SET ascii COLLATE ascii_general_ci NOT NULL,
  `status` tinyint NOT NULL,
  `name` varchar(255) DEFAULT NULL,
  `description__value` longtext,
  `description__format` varchar(255) CHARACTER SET ascii COLLATE ascii_general_ci DEFAULT NULL,
  `changed` int DEFAULT NULL,
  `default_langcode` tinyint NOT NULL,
  `revision_translation_affected` tinyint DEFAULT NULL,
  `publish_on` int DEFAULT NULL,
  `unpublish_on` int DEFAULT NULL
) ENGINE=InnoDB DEFAULT CHARSET=utf8mb4 COLLATE=utf8mb4_general_ci COMMENT='The revision data table for taxonomy_term entities.';

--
-- Dumping data for table `taxonomy_term_field_revision`
--

INSERT INTO `taxonomy_term_field_revision` (`tid`, `revision_id`, `langcode`, `status`, `name`, `description__value`, `description__format`, `changed`, `default_langcode`, `revision_translation_affected`, `publish_on`, `unpublish_on`) VALUES
(1, 1, 'en', 1, 'Grey', NULL, NULL, 1740502982, 1, 1, NULL, NULL),
(2, 2, 'en', 1, 'Centre for Black Student Excellence', NULL, NULL, 1740505792, 1, 1, NULL, NULL),
(3, 3, 'en', 1, 'Engagement Matters', NULL, NULL, 1740505800, 1, 1, NULL, NULL),
(4, 4, 'en', 1, 'Indigenous', NULL, NULL, 1740505805, 1, 1, NULL, NULL),
(5, 5, 'en', 1, 'Math Newsletter', NULL, NULL, 1740505811, 1, 1, NULL, NULL),
(6, 6, 'en', 1, 'Math Problems', NULL, NULL, 1740505817, 1, 1, NULL, NULL),
(7, 7, 'en', 1, 'Mental Health', NULL, NULL, 1740505823, 1, 1, NULL, NULL),
(8, 8, 'en', 1, 'Pathways', NULL, NULL, 1740505831, 1, 1, NULL, NULL),
(9, 9, 'en', 1, 'Special Education', NULL, NULL, 1740505837, 1, 1, NULL, NULL),
(10, 10, 'en', 1, 'Board & Committee Meetings', NULL, NULL, 1740505876, 1, 1, NULL, NULL),
(11, 11, 'en', 1, 'Board Events', NULL, NULL, 1740505882, 1, 1, NULL, NULL),
(12, 12, 'en', 1, 'School Event', NULL, NULL, 1740505889, 1, 1, NULL, NULL),
(13, 13, 'en', 1, 'Corporate People', NULL, NULL, 1740505913, 1, 1, NULL, NULL),
(14, 14, 'en', 1, 'Real Event Image', NULL, NULL, 1740505919, 1, 1, NULL, NULL),
(15, 15, 'en', 1, 'Students', NULL, NULL, 1740505925, 1, 1, NULL, NULL),
(16, 16, 'en', 1, 'Others', NULL, NULL, 1740505930, 1, 1, NULL, NULL),
(17, 17, 'en', 1, 'Media Advisory', NULL, NULL, 1740505967, 1, 1, NULL, NULL),
(18, 18, 'en', 1, 'News Release', NULL, NULL, 1740505973, 1, 1, NULL, NULL),
(19, 19, 'en', 1, 'Adult Programs', NULL, NULL, 1740506007, 1, 1, NULL, NULL),
(20, 20, 'en', 1, 'Elementary', NULL, NULL, 1740506014, 1, 1, NULL, NULL),
(21, 21, 'en', 1, 'International Programs', NULL, NULL, 1740506020, 1, 1, NULL, NULL),
(22, 22, 'en', 1, 'Other Ways to Earn Secondary Credits', NULL, NULL, 1740506026, 1, 1, NULL, NULL),
(23, 23, 'en', 1, 'Secondary Programs', NULL, NULL, 1740506032, 1, 1, NULL, NULL),
(24, 24, 'en', 1, 'Services & Supports', NULL, NULL, 1740506038, 1, 1, NULL, NULL),
(25, 25, 'en', 1, 'Summer Programs', NULL, NULL, 1740506045, 1, 1, NULL, NULL);

-- --------------------------------------------------------

--
-- Table structure for table `taxonomy_term_revision`
--

CREATE TABLE `taxonomy_term_revision` (
  `tid` int UNSIGNED NOT NULL,
  `revision_id` int UNSIGNED NOT NULL,
  `langcode` varchar(12) CHARACTER SET ascii COLLATE ascii_general_ci NOT NULL,
  `revision_user` int UNSIGNED DEFAULT NULL COMMENT 'The ID of the target entity.',
  `revision_created` int DEFAULT NULL,
  `revision_log_message` longtext,
  `revision_default` tinyint DEFAULT NULL
) ENGINE=InnoDB DEFAULT CHARSET=utf8mb4 COLLATE=utf8mb4_general_ci COMMENT='The revision table for taxonomy_term entities.';

--
-- Dumping data for table `taxonomy_term_revision`
--

INSERT INTO `taxonomy_term_revision` (`tid`, `revision_id`, `langcode`, `revision_user`, `revision_created`, `revision_log_message`, `revision_default`) VALUES
(1, 1, 'en', NULL, 1740502982, NULL, 1),
(2, 2, 'en', NULL, 1740505792, NULL, 1),
(3, 3, 'en', NULL, 1740505800, NULL, 1),
(4, 4, 'en', NULL, 1740505805, NULL, 1),
(5, 5, 'en', NULL, 1740505811, NULL, 1),
(6, 6, 'en', NULL, 1740505817, NULL, 1),
(7, 7, 'en', NULL, 1740505823, NULL, 1),
(8, 8, 'en', NULL, 1740505831, NULL, 1),
(9, 9, 'en', NULL, 1740505837, NULL, 1),
(10, 10, 'en', NULL, 1740505876, NULL, 1),
(11, 11, 'en', NULL, 1740505882, NULL, 1),
(12, 12, 'en', NULL, 1740505889, NULL, 1),
(13, 13, 'en', NULL, 1740505913, NULL, 1),
(14, 14, 'en', NULL, 1740505919, NULL, 1),
(15, 15, 'en', NULL, 1740505925, NULL, 1),
(16, 16, 'en', NULL, 1740505930, NULL, 1),
(17, 17, 'en', NULL, 1740505967, NULL, 1),
(18, 18, 'en', NULL, 1740505973, NULL, 1),
(19, 19, 'en', NULL, 1740506007, NULL, 1),
(20, 20, 'en', NULL, 1740506014, NULL, 1),
(21, 21, 'en', NULL, 1740506020, NULL, 1),
(22, 22, 'en', NULL, 1740506026, NULL, 1),
(23, 23, 'en', NULL, 1740506032, NULL, 1),
(24, 24, 'en', NULL, 1740506038, NULL, 1),
(25, 25, 'en', NULL, 1740506045, NULL, 1);

-- --------------------------------------------------------

--
-- Table structure for table `taxonomy_term_revision__parent`
--

CREATE TABLE `taxonomy_term_revision__parent` (
  `bundle` varchar(128) CHARACTER SET ascii COLLATE ascii_general_ci NOT NULL DEFAULT '' COMMENT 'The field instance bundle to which this row belongs, used when deleting a field instance',
  `deleted` tinyint NOT NULL DEFAULT '0' COMMENT 'A boolean indicating whether this data item has been deleted',
  `entity_id` int UNSIGNED NOT NULL COMMENT 'The entity id this data is attached to',
  `revision_id` int UNSIGNED NOT NULL COMMENT 'The entity revision id this data is attached to',
  `langcode` varchar(32) CHARACTER SET ascii COLLATE ascii_general_ci NOT NULL DEFAULT '' COMMENT 'The language code for this data item.',
  `delta` int UNSIGNED NOT NULL COMMENT 'The sequence number for this data item, used for multi-value fields',
  `parent_target_id` int UNSIGNED NOT NULL COMMENT 'The ID of the target entity.'
) ENGINE=InnoDB DEFAULT CHARSET=utf8mb4 COLLATE=utf8mb4_general_ci COMMENT='Revision archive storage for taxonomy_term field parent.';

--
-- Dumping data for table `taxonomy_term_revision__parent`
--

INSERT INTO `taxonomy_term_revision__parent` (`bundle`, `deleted`, `entity_id`, `revision_id`, `langcode`, `delta`, `parent_target_id`) VALUES
('background_color_selection', 0, 1, 1, 'en', 0, 0),
('departments_for_newsletter', 0, 2, 2, 'en', 0, 0),
('departments_for_newsletter', 0, 3, 3, 'en', 0, 0),
('departments_for_newsletter', 0, 4, 4, 'en', 0, 0),
('departments_for_newsletter', 0, 5, 5, 'en', 0, 0),
('departments_for_newsletter', 0, 6, 6, 'en', 0, 0),
('departments_for_newsletter', 0, 7, 7, 'en', 0, 0),
('departments_for_newsletter', 0, 8, 8, 'en', 0, 0),
('departments_for_newsletter', 0, 9, 9, 'en', 0, 0),
('event', 0, 10, 10, 'en', 0, 0),
('event', 0, 11, 11, 'en', 0, 0),
('event', 0, 12, 12, 'en', 0, 0),
('image_category', 0, 13, 13, 'en', 0, 0),
('image_category', 0, 14, 14, 'en', 0, 0),
('image_category', 0, 15, 15, 'en', 0, 0),
('image_category', 0, 16, 16, 'en', 0, 0),
('news', 0, 17, 17, 'en', 0, 0),
('news', 0, 18, 18, 'en', 0, 0),
('program_and_services', 0, 19, 19, 'en', 0, 0),
('program_and_services', 0, 20, 20, 'en', 0, 0),
('program_and_services', 0, 21, 21, 'en', 0, 0),
('program_and_services', 0, 22, 22, 'en', 0, 0),
('program_and_services', 0, 23, 23, 'en', 0, 0),
('program_and_services', 0, 24, 24, 'en', 0, 0),
('program_and_services', 0, 25, 25, 'en', 0, 0);

-- --------------------------------------------------------

--
-- Table structure for table `taxonomy_term__parent`
--

CREATE TABLE `taxonomy_term__parent` (
  `bundle` varchar(128) CHARACTER SET ascii COLLATE ascii_general_ci NOT NULL DEFAULT '' COMMENT 'The field instance bundle to which this row belongs, used when deleting a field instance',
  `deleted` tinyint NOT NULL DEFAULT '0' COMMENT 'A boolean indicating whether this data item has been deleted',
  `entity_id` int UNSIGNED NOT NULL COMMENT 'The entity id this data is attached to',
  `revision_id` int UNSIGNED NOT NULL COMMENT 'The entity revision id this data is attached to',
  `langcode` varchar(32) CHARACTER SET ascii COLLATE ascii_general_ci NOT NULL DEFAULT '' COMMENT 'The language code for this data item.',
  `delta` int UNSIGNED NOT NULL COMMENT 'The sequence number for this data item, used for multi-value fields',
  `parent_target_id` int UNSIGNED NOT NULL COMMENT 'The ID of the target entity.'
) ENGINE=InnoDB DEFAULT CHARSET=utf8mb4 COLLATE=utf8mb4_general_ci COMMENT='Data storage for taxonomy_term field parent.';

--
-- Dumping data for table `taxonomy_term__parent`
--

INSERT INTO `taxonomy_term__parent` (`bundle`, `deleted`, `entity_id`, `revision_id`, `langcode`, `delta`, `parent_target_id`) VALUES
('background_color_selection', 0, 1, 1, 'en', 0, 0),
('departments_for_newsletter', 0, 2, 2, 'en', 0, 0),
('departments_for_newsletter', 0, 3, 3, 'en', 0, 0),
('departments_for_newsletter', 0, 4, 4, 'en', 0, 0),
('departments_for_newsletter', 0, 5, 5, 'en', 0, 0),
('departments_for_newsletter', 0, 6, 6, 'en', 0, 0),
('departments_for_newsletter', 0, 7, 7, 'en', 0, 0),
('departments_for_newsletter', 0, 8, 8, 'en', 0, 0),
('departments_for_newsletter', 0, 9, 9, 'en', 0, 0),
('event', 0, 10, 10, 'en', 0, 0),
('event', 0, 11, 11, 'en', 0, 0),
('event', 0, 12, 12, 'en', 0, 0),
('image_category', 0, 13, 13, 'en', 0, 0),
('image_category', 0, 14, 14, 'en', 0, 0),
('image_category', 0, 15, 15, 'en', 0, 0),
('image_category', 0, 16, 16, 'en', 0, 0),
('news', 0, 17, 17, 'en', 0, 0),
('news', 0, 18, 18, 'en', 0, 0),
('program_and_services', 0, 19, 19, 'en', 0, 0),
('program_and_services', 0, 20, 20, 'en', 0, 0),
('program_and_services', 0, 21, 21, 'en', 0, 0),
('program_and_services', 0, 22, 22, 'en', 0, 0),
('program_and_services', 0, 23, 23, 'en', 0, 0),
('program_and_services', 0, 24, 24, 'en', 0, 0),
('program_and_services', 0, 25, 25, 'en', 0, 0);

-- --------------------------------------------------------

--
-- Table structure for table `users`
--

CREATE TABLE `users` (
  `uid` int UNSIGNED NOT NULL,
  `uuid` varchar(128) CHARACTER SET ascii COLLATE ascii_general_ci NOT NULL,
  `langcode` varchar(12) CHARACTER SET ascii COLLATE ascii_general_ci NOT NULL
) ENGINE=InnoDB DEFAULT CHARSET=utf8mb4 COLLATE=utf8mb4_general_ci COMMENT='The base table for user entities.';

--
-- Dumping data for table `users`
--

INSERT INTO `users` (`uid`, `uuid`, `langcode`) VALUES
(0, '29282f94-08d3-4dbd-948f-6b1928d1c4c9', 'en'),
(1, '5089a721-3242-411c-a26f-645f98de83c6', 'en');

-- --------------------------------------------------------

--
-- Table structure for table `users_data`
--

CREATE TABLE `users_data` (
  `uid` int UNSIGNED NOT NULL DEFAULT '0' COMMENT 'The "users".uid this record affects.',
  `module` varchar(50) CHARACTER SET ascii COLLATE ascii_general_ci NOT NULL DEFAULT '' COMMENT 'The name of the module declaring the variable.',
  `name` varchar(128) CHARACTER SET ascii COLLATE ascii_general_ci NOT NULL DEFAULT '' COMMENT 'The identifier of the data.',
  `value` longblob COMMENT 'The value.',
  `serialized` tinyint UNSIGNED DEFAULT '0' COMMENT 'Whether value is serialized.'
) ENGINE=InnoDB DEFAULT CHARSET=utf8mb4 COLLATE=utf8mb4_general_ci COMMENT='Stores module data as key/value pairs per user.';

--
-- Dumping data for table `users_data`
--

INSERT INTO `users_data` (`uid`, `module`, `name`, `value`, `serialized`) VALUES
(1, 'contact', 'enabled', 0x31, 0),
(1, 'google_analytics', 'user_account_users', 0x31, 0);

-- --------------------------------------------------------

--
-- Table structure for table `user__field_user_id`
--

CREATE TABLE `user__field_user_id` (
  `bundle` varchar(128) CHARACTER SET ascii COLLATE ascii_general_ci NOT NULL DEFAULT '' COMMENT 'The field instance bundle to which this row belongs, used when deleting a field instance',
  `deleted` tinyint NOT NULL DEFAULT '0' COMMENT 'A boolean indicating whether this data item has been deleted',
  `entity_id` int UNSIGNED NOT NULL COMMENT 'The entity id this data is attached to',
  `revision_id` int UNSIGNED NOT NULL COMMENT 'The entity revision id this data is attached to, which for an unversioned entity type is the same as the entity id',
  `langcode` varchar(32) CHARACTER SET ascii COLLATE ascii_general_ci NOT NULL DEFAULT '' COMMENT 'The language code for this data item.',
  `delta` int UNSIGNED NOT NULL COMMENT 'The sequence number for this data item, used for multi-value fields',
  `field_user_id_value` varchar(255) NOT NULL
) ENGINE=InnoDB DEFAULT CHARSET=utf8mb4 COLLATE=utf8mb4_general_ci COMMENT='Data storage for user field field_user_id.';

-- --------------------------------------------------------

--
-- Table structure for table `user__roles`
--

CREATE TABLE `user__roles` (
  `bundle` varchar(128) CHARACTER SET ascii COLLATE ascii_general_ci NOT NULL DEFAULT '' COMMENT 'The field instance bundle to which this row belongs, used when deleting a field instance',
  `deleted` tinyint NOT NULL DEFAULT '0' COMMENT 'A boolean indicating whether this data item has been deleted',
  `entity_id` int UNSIGNED NOT NULL COMMENT 'The entity id this data is attached to',
  `revision_id` int UNSIGNED NOT NULL COMMENT 'The entity revision id this data is attached to, which for an unversioned entity type is the same as the entity id',
  `langcode` varchar(32) CHARACTER SET ascii COLLATE ascii_general_ci NOT NULL DEFAULT '' COMMENT 'The language code for this data item.',
  `delta` int UNSIGNED NOT NULL COMMENT 'The sequence number for this data item, used for multi-value fields',
  `roles_target_id` varchar(255) CHARACTER SET ascii COLLATE ascii_general_ci NOT NULL COMMENT 'The ID of the target entity.'
) ENGINE=InnoDB DEFAULT CHARSET=utf8mb4 COLLATE=utf8mb4_general_ci COMMENT='Data storage for user field roles.';

--
-- Dumping data for table `user__roles`
--

INSERT INTO `user__roles` (`bundle`, `deleted`, `entity_id`, `revision_id`, `langcode`, `delta`, `roles_target_id`) VALUES
('user', 0, 1, 1, 'en', 0, 'administrator');

-- --------------------------------------------------------

--
-- Table structure for table `user__user_picture`
--

CREATE TABLE `user__user_picture` (
  `bundle` varchar(128) CHARACTER SET ascii COLLATE ascii_general_ci NOT NULL DEFAULT '' COMMENT 'The field instance bundle to which this row belongs, used when deleting a field instance',
  `deleted` tinyint NOT NULL DEFAULT '0' COMMENT 'A boolean indicating whether this data item has been deleted',
  `entity_id` int UNSIGNED NOT NULL COMMENT 'The entity id this data is attached to',
  `revision_id` int UNSIGNED NOT NULL COMMENT 'The entity revision id this data is attached to, which for an unversioned entity type is the same as the entity id',
  `langcode` varchar(32) CHARACTER SET ascii COLLATE ascii_general_ci NOT NULL DEFAULT '' COMMENT 'The language code for this data item.',
  `delta` int UNSIGNED NOT NULL COMMENT 'The sequence number for this data item, used for multi-value fields',
  `user_picture_target_id` int UNSIGNED NOT NULL COMMENT 'The ID of the file entity.',
  `user_picture_alt` varchar(512) DEFAULT NULL COMMENT 'Alternative image text, for the image''s ''alt'' attribute.',
  `user_picture_title` varchar(1024) DEFAULT NULL COMMENT 'Image title text, for the image''s ''title'' attribute.',
  `user_picture_width` int UNSIGNED DEFAULT NULL COMMENT 'The width of the image in pixels.',
  `user_picture_height` int UNSIGNED DEFAULT NULL COMMENT 'The height of the image in pixels.'
) ENGINE=InnoDB DEFAULT CHARSET=utf8mb4 COLLATE=utf8mb4_general_ci COMMENT='Data storage for user field user_picture.';

-- --------------------------------------------------------

--
-- Table structure for table `watchdog`
--

CREATE TABLE `watchdog` (
  `wid` bigint NOT NULL COMMENT 'Primary Key: Unique watchdog event ID.',
  `uid` int UNSIGNED NOT NULL DEFAULT '0' COMMENT 'The "users".uid of the user who triggered the event.',
  `type` varchar(64) CHARACTER SET ascii COLLATE ascii_general_ci NOT NULL DEFAULT '' COMMENT 'Type of log message, for example "user" or "page not found."',
  `message` longtext NOT NULL COMMENT 'Text of log message to be passed into the t() function.',
  `variables` longblob NOT NULL COMMENT 'Serialized array of variables that match the message string and that is passed into the t() function.',
  `severity` tinyint UNSIGNED NOT NULL DEFAULT '0' COMMENT 'The severity level of the event. ranges from 0 (Emergency) to 7 (Debug)',
  `link` text COMMENT 'Link to view the result of the event.',
  `location` text NOT NULL COMMENT 'URL of the origin of the event.',
  `referer` text COMMENT 'URL of referring page.',
  `hostname` varchar(128) CHARACTER SET ascii COLLATE ascii_general_ci NOT NULL DEFAULT '' COMMENT 'Hostname of the user who triggered the event.',
  `timestamp` bigint NOT NULL DEFAULT '0' COMMENT 'Unix timestamp of when event occurred.'
) ENGINE=InnoDB DEFAULT CHARSET=utf8mb4 COLLATE=utf8mb4_general_ci COMMENT='Table that contains logs of all system events.';

--
-- Dumping data for table `watchdog`
--

INSERT INTO `watchdog` (`wid`, `uid`, `type`, `message`, `variables`, `severity`, `link`, `location`, `referer`, `hostname`, `timestamp`) VALUES
(4556, 1, 'php', '%type: @message in %function (line %line of %file) @backtrace_string.', 0x[encoded data, 15950 characters], 4, '', 'https://tkps.yrdsb-schools-new.w3creatives.com/calendar', 'https://tkps.yrdsb-schools-new.w3creatives.com/', '116.75.243.37', 1740495866),
(4557, 1, 'php', '%type: @message in %function (line %line of %file) @backtrace_string.', 0x[encoded data, 15946 characters], 4, '', 'https://tkps.yrdsb-schools-new.w3creatives.com/calendar', 'https://tkps.yrdsb-schools-new.w3creatives.com/', '116.75.243.37', 1740495866),
(4558, 1, 'php', '%type: @message in %function (line %line of %file) @backtrace_string.', 0x[encoded data, 16146 characters], 7, '', 'https://tkps.yrdsb-schools-new.w3creatives.com/calendar', 'https://tkps.yrdsb-schools-new.w3creatives.com/', '116.75.243.37', 1740495866);
INSERT INTO `watchdog` (`wid`, `uid`, `type`, `message`, `variables`, `severity`, `link`, `location`, `referer`, `hostname`, `timestamp`) VALUES
(4559, 1, 'php', '%type: @message in %function (line %line of %file) @backtrace_string.', 0x[encoded data, 16146 characters], 7, '', 'https://tkps.yrdsb-schools-new.w3creatives.com/calendar', 'https://tkps.yrdsb-schools-new.w3creatives.com/', '116.75.243.37', 1740495866),
(4560, 1, 'system', 'The \"%plugin_id\" block plugin was not found', 0x613a313a7b733a31303a2225706c7567696e5f6964223b733a35303a22626c6f636b5f636f6e74656e743a39626638333737642d303232342d343365372d623135312d663961646439373739353131223b7d, 4, '', 'https://tkps.yrdsb-schools-new.w3creatives.com/calendar', 'https://tkps.yrdsb-schools-new.w3creatives.com/', '116.75.243.37', 1740495866),
(4561, 1, 'system', 'The \"%plugin_id\" block plugin was not found', 0x613a313a7b733a31303a2225706c7567696e5f6964223b733a35303a22626c6f636b5f636f6e74656e743a39626638333737642d303232342d343365372d623135312d663961646439373739353131223b7d, 4, '', 'https://tkps.yrdsb-schools-new.w3creatives.com/calendar', 'https://tkps.yrdsb-schools-new.w3creatives.com/', '116.75.243.37', 1740495866),
(4562, 1, 'php', '%type: @message in %function (line %line of %file) @backtrace_string.', 0x[encoded data, 15936 characters], 4, '', 'https://tkps.yrdsb-schools-new.w3creatives.com/calendar', 'https://tkps.yrdsb-schools-new.w3creatives.com/', '116.75.243.37', 1740495866),
(4563, 1, 'php', '%type: @message in %function (line %line of %file) @backtrace_string.', 0x[encoded data, 15966 characters], 4, '', 'https://tkps.yrdsb-schools-new.w3creatives.com/calendar', 'https://tkps.yrdsb-schools-new.w3creatives.com/', '116.75.243.37', 1740495866);
INSERT INTO `watchdog` (`wid`, `uid`, `type`, `message`, `variables`, `severity`, `link`, `location`, `referer`, `hostname`, `timestamp`) VALUES
(4564, 1, 'php', '%type: @message in %function (line %line of %file) @backtrace_string.', 0x[encoded data, 15896 characters], 4, '', 'https://tkps.yrdsb-schools-new.w3creatives.com/calendar', 'https://tkps.yrdsb-schools-new.w3creatives.com/', '116.75.243.37', 1740495866),
(4565, 1, 'php', '%type: @message in %function (line %line of %file) @backtrace_string.', 0x[encoded data, 15896 characters], 4, '', 'https://tkps.yrdsb-schools-new.w3creatives.com/calendar', 'https://tkps.yrdsb-schools-new.w3creatives.com/', '116.75.243.37', 1740495866),
(4566, 1, 'php', '%type: @message in %function (line %line of %file) @backtrace_string.', 0x[encoded data, 15896 characters], 4, '', 'https://tkps.yrdsb-schools-new.w3creatives.com/calendar', 'https://tkps.yrdsb-schools-new.w3creatives.com/', '116.75.243.37', 1740495866);
INSERT INTO `watchdog` (`wid`, `uid`, `type`, `message`, `variables`, `severity`, `link`, `location`, `referer`, `hostname`, `timestamp`) VALUES
(4567, 1, 'php', '%type: @message in %function (line %line of %file) @backtrace_string.', 0x[encoded data, 15914 characters], 4, '', 'https://tkps.yrdsb-schools-new.w3creatives.com/calendar', 'https://tkps.yrdsb-schools-new.w3creatives.com/', '116.75.243.37', 1740495866),
(4568, 1, 'php', '%type: @message in %function (line %line of %file) @backtrace_string.', 0x[encoded data, 16170 characters], 7, '', 'https://tkps.yrdsb-schools-new.w3creatives.com/calendar', 'https://tkps.yrdsb-schools-new.w3creatives.com/', '116.75.243.37', 1740495866),
(4569, 1, 'php', '%type: @message in %function (line %line of %file) @backtrace_string.', 0x[encoded data, 15986 characters], 4, '', 'https://tkps.yrdsb-schools-new.w3creatives.com/calendar', 'https://tkps.yrdsb-schools-new.w3creatives.com/', '116.75.243.37', 1740495866);
INSERT INTO `watchdog` (`wid`, `uid`, `type`, `message`, `variables`, `severity`, `link`, `location`, `referer`, `hostname`, `timestamp`) VALUES
(4570, 1, 'php', '%type: @message in %function (line %line of %file) @backtrace_string.', 0x[encoded data, 15930 characters], 4, '', 'https://tkps.yrdsb-schools-new.w3creatives.com/calendar', 'https://tkps.yrdsb-schools-new.w3creatives.com/', '116.75.243.37', 1740495866),
(4571, 1, 'php', '%type: @message in %function (line %line of %file) @backtrace_string.', 0x[encoded data, 15930 characters], 4, '', 'https://tkps.yrdsb-schools-new.w3creatives.com/calendar', 'https://tkps.yrdsb-schools-new.w3creatives.com/', '116.75.243.37', 1740495866),
(4572, 1, 'php', '%type: @message in %function (line %line of %file) @backtrace_string.', 0x[encoded data, 15936 characters], 4, '', 'https://tkps.yrdsb-schools-new.w3creatives.com/calendar', 'https://tkps.yrdsb-schools-new.w3creatives.com/', '116.75.243.37', 1740495866);
INSERT INTO `watchdog` (`wid`, `uid`, `type`, `message`, `variables`, `severity`, `link`, `location`, `referer`, `hostname`, `timestamp`) VALUES
(4573, 1, 'php', '%type: @message in %function (line %line of %file) @backtrace_string.', 0x[encoded data, 18220 characters], 4, '', 'https://tkps.yrdsb-schools-new.w3creatives.com/calendar', 'https://tkps.yrdsb-schools-new.w3creatives.com/', '116.75.243.37', 1740495866),
(4574, 1, 'php', '%type: @message in %function (line %line of %file) @backtrace_string.', 0x[encoded data, 18216 characters], 4, '', 'https://tkps.yrdsb-schools-new.w3creatives.com/calendar', 'https://tkps.yrdsb-schools-new.w3creatives.com/', '116.75.243.37', 1740495866);
